CRAN Package Check Results for Package FlexGAM

Last updated on 2022-12-07 10:49:58 CET.

Flavor Version Tinstall Tcheck Ttotal Status Flags
r-devel-linux-x86_64-debian-clang 0.7.2 11.73 86.02 97.75 NOTE
r-devel-linux-x86_64-debian-gcc 0.7.2 7.69 64.25 71.94 NOTE
r-devel-linux-x86_64-fedora-clang 0.7.2 127.19 NOTE
r-devel-linux-x86_64-fedora-gcc 0.7.2 124.26 NOTE
r-devel-windows-x86_64 0.7.2 18.00 106.00 124.00 NOTE
r-patched-linux-x86_64 0.7.2 11.50 79.31 90.81 NOTE
r-release-linux-x86_64 0.7.2 10.20 82.11 92.31 NOTE
r-release-macos-arm64 0.7.2 29.00 NOTE
r-release-macos-x86_64 0.7.2 48.00 NOTE
r-release-windows-x86_64 0.7.2 18.00 108.00 126.00 NOTE
r-oldrel-macos-arm64 0.7.2 39.00 NOTE
r-oldrel-macos-x86_64 0.7.2 63.00 NOTE
r-oldrel-windows-ix86+x86_64 0.7.2 21.00 102.00 123.00 NOTE

Check Details

Version: 0.7.2
Check: LazyData
Result: NOTE
     'LazyData' is specified without a 'data' directory
Flavors: r-devel-linux-x86_64-debian-clang, r-devel-linux-x86_64-debian-gcc, r-devel-linux-x86_64-fedora-clang, r-devel-linux-x86_64-fedora-gcc, r-devel-windows-x86_64, r-patched-linux-x86_64, r-release-linux-x86_64, r-release-macos-arm64, r-release-macos-x86_64, r-release-windows-x86_64, r-oldrel-macos-arm64, r-oldrel-macos-x86_64, r-oldrel-windows-ix86+x86_64