Last updated on 2023-02-04 10:54:32 CET.
Flavor | Version | Tinstall | Tcheck | Ttotal | Status | Flags |
---|---|---|---|---|---|---|
r-devel-linux-x86_64-debian-clang | 3.4.3 | 134.68 | 226.07 | 360.75 | OK | |
r-devel-linux-x86_64-debian-gcc | 3.4.3 | 105.18 | 161.11 | 266.29 | OK | |
r-devel-linux-x86_64-fedora-clang | 3.4.3 | 462.82 | OK | |||
r-devel-linux-x86_64-fedora-gcc | 3.4.3 | 436.60 | OK | |||
r-devel-windows-x86_64 | 3.4.3 | 146.00 | 266.00 | 412.00 | OK | |
r-patched-linux-x86_64 | 3.4.3 | 103.83 | 210.01 | 313.84 | OK | |
r-release-linux-x86_64 | 3.4.3 | 91.74 | 207.78 | 299.52 | OK | |
r-release-macos-arm64 | 3.4.3 | 110.00 | NOTE | |||
r-release-macos-x86_64 | 3.4.3 | 133.00 | NOTE | |||
r-release-windows-x86_64 | 3.4.3 | 154.00 | 279.00 | 433.00 | OK | |
r-oldrel-macos-arm64 | 3.4.3 | 109.00 | NOTE | |||
r-oldrel-macos-x86_64 | 3.4.3 | 134.00 | NOTE | |||
r-oldrel-windows-ix86+x86_64 | 3.4.3 | 255.00 | 273.00 | 528.00 | NOTE |
Version: 3.4.3
Check: installed package size
Result: NOTE
installed size is 9.3Mb
sub-directories of 1Mb or more:
doc 1.7Mb
libs 6.5Mb
Flavors: r-release-macos-arm64, r-release-macos-x86_64, r-oldrel-macos-arm64, r-oldrel-macos-x86_64, r-oldrel-windows-ix86+x86_64