CRAN Package Check Results for Package FREEtree

Last updated on 2022-12-07 10:49:59 CET.

Flavor Version Tinstall Tcheck Ttotal Status Flags
r-devel-linux-x86_64-debian-clang 0.1.0 38.14 340.35 378.49 OK
r-devel-linux-x86_64-debian-gcc 0.1.0 27.41 254.17 281.58 OK
r-devel-linux-x86_64-fedora-clang 0.1.0 475.42 NOTE
r-devel-linux-x86_64-fedora-gcc 0.1.0 461.84 NOTE
r-devel-windows-x86_64 0.1.0 33.00 338.00 371.00 OK
r-patched-linux-x86_64 0.1.0 30.05 316.44 346.49 OK
r-release-linux-x86_64 0.1.0 29.18 327.20 356.38 OK
r-release-macos-arm64 0.1.0 117.00 NOTE
r-release-macos-x86_64 0.1.0 194.00 NOTE
r-release-windows-x86_64 0.1.0 33.00 337.00 370.00 OK
r-oldrel-macos-arm64 0.1.0 168.00 NOTE
r-oldrel-macos-x86_64 0.1.0 150.00 NOTE
r-oldrel-windows-ix86+x86_64 0.1.0 70.00 340.00 410.00 OK

Check Details

Version: 0.1.0
Check: dependencies in R code
Result: NOTE
    Namespace in Imports field not imported from: ‘MASS’
     All declared Imports should be used.
Flavors: r-devel-linux-x86_64-fedora-clang, r-devel-linux-x86_64-fedora-gcc, r-release-macos-arm64, r-release-macos-x86_64, r-oldrel-macos-arm64, r-oldrel-macos-x86_64