CRAN Package Check Results for Package FAOSTAT

Last updated on 2024-04-13 10:48:31 CEST.

Flavor Version Tinstall Tcheck Ttotal Status Flags
r-devel-linux-x86_64-debian-clang 2.3.0 6.09 56.01 62.10 NOTE
r-devel-linux-x86_64-debian-gcc 2.3.0 4.50 42.41 46.91 NOTE
r-devel-linux-x86_64-fedora-clang 2.3.0 77.04 NOTE
r-devel-linux-x86_64-fedora-gcc 2.3.0 88.05 NOTE
r-devel-windows-x86_64 2.3.0 6.00 80.00 86.00 NOTE
r-patched-linux-x86_64 2.3.0 6.51 54.84 61.35 NOTE
r-release-linux-x86_64 2.3.0 5.23 53.57 58.80 OK
r-release-macos-arm64 2.3.0 34.00 OK
r-release-macos-x86_64 2.3.0 49.00 OK
r-release-windows-x86_64 2.3.0 7.00 84.00 91.00 OK
r-oldrel-macos-arm64 2.3.0 29.00 OK
r-oldrel-windows-x86_64 2.3.0 8.00 80.00 88.00 OK

Check Details

Version: 2.3.0
Check: Rd files
Result: NOTE checkRd: (-1) download_faostat_bulk.Rd:49: Lost braces in \itemize; meant \describe ? checkRd: (-1) download_faostat_bulk.Rd:50: Lost braces in \itemize; meant \describe ? checkRd: (-1) download_faostat_bulk.Rd:51-55: Lost braces in \itemize; meant \describe ? Flavors: r-devel-linux-x86_64-debian-clang, r-devel-linux-x86_64-debian-gcc, r-devel-linux-x86_64-fedora-clang, r-devel-linux-x86_64-fedora-gcc, r-devel-windows-x86_64, r-patched-linux-x86_64

Version: 2.3.0
Check: Rd \usage sections
Result: NOTE Documented arguments not in \usage in Rd file 'cache.Rd': ‘data’ ‘reset’ Functions with \usage entries need to have the appropriate \alias entries, and all their arguments documented. The \usage entries must correspond to syntactically valid R code. See chapter ‘Writing R documentation files’ in the ‘Writing R Extensions’ manual. Flavors: r-devel-linux-x86_64-debian-clang, r-devel-linux-x86_64-debian-gcc, r-devel-linux-x86_64-fedora-clang, r-devel-linux-x86_64-fedora-gcc, r-devel-windows-x86_64, r-patched-linux-x86_64

Version: 2.3.0
Check: data for non-ASCII characters
Result: NOTE Note: found 179 marked UTF-8 strings Flavors: r-devel-linux-x86_64-fedora-clang, r-devel-linux-x86_64-fedora-gcc