CRAN Package Check Results for Package Epi

Last updated on 2023-03-21 10:52:12 CET.

Flavor Version Tinstall Tcheck Ttotal Status Flags
r-devel-linux-x86_64-debian-clang 2.47 23.99 841.49 865.48 WARN
r-devel-linux-x86_64-debian-gcc 2.47 23.91 615.99 639.90 WARN
r-devel-linux-x86_64-fedora-clang 2.47 1080.73 WARN
r-devel-linux-x86_64-fedora-gcc 2.47 1061.03 WARN
r-devel-windows-x86_64 2.47 107.00 307.00 414.00 WARN --no-vignettes
r-patched-linux-x86_64 2.47 30.19 791.85 822.04 OK
r-release-linux-x86_64 2.47 26.15 783.80 809.95 OK
r-release-macos-arm64 2.47 461.00 OK
r-release-macos-x86_64 2.47 796.00 OK
r-release-windows-x86_64 2.47 71.00 300.00 371.00 OK --no-vignettes
r-oldrel-macos-arm64 2.47 430.00 OK
r-oldrel-macos-x86_64 2.47 781.00 OK
r-oldrel-windows-ix86+x86_64 2.47 55.00 353.00 408.00 OK --no-vignettes

Check Details

Version: 2.47
Check: S3 generic/method consistency
Result: WARN
    AaJ:
     function(Lx, ...)
    AaJ.Lexis:
     function(Lx, formula, timeScale)
    
    addCov:
     function(Lx, ...)
    addCov.Lexis:
     function(Lx, clin, timescale, exnam, tfc)
    
    addDrug:
     function(Lx, ...)
    addDrug.Lexis:
     function(Lx, pdat, amt, dpt, apt, method, maxt, grace, tnam, prefix,
     sepfix, verbose)
    See section ‘Generic functions and methods’ in the ‘Writing R
    Extensions’ manual.
Flavors: r-devel-linux-x86_64-debian-clang, r-devel-linux-x86_64-debian-gcc, r-devel-linux-x86_64-fedora-clang, r-devel-linux-x86_64-fedora-gcc

Version: 2.47
Check: Rd \usage sections
Result: NOTE
    S3 methods shown with full name in documentation object ‘addDrug.Lexis’:
     ‘addDrug.Lexis’
    
    The \usage entries for S3 methods should use the \method markup and not
    their full name.
    See chapter ‘Writing R documentation files’ in the ‘Writing R
    Extensions’ manual.
Flavors: r-devel-linux-x86_64-debian-clang, r-devel-linux-x86_64-debian-gcc, r-devel-linux-x86_64-fedora-clang, r-devel-linux-x86_64-fedora-gcc

Version: 2.47
Flags: --no-vignettes
Check: S3 generic/method consistency
Result: WARN
    AaJ:
     function(Lx, ...)
    AaJ.Lexis:
     function(Lx, formula, timeScale)
    
    addCov:
     function(Lx, ...)
    addCov.Lexis:
     function(Lx, clin, timescale, exnam, tfc)
    
    addDrug:
     function(Lx, ...)
    addDrug.Lexis:
     function(Lx, pdat, amt, dpt, apt, method, maxt, grace, tnam, prefix,
     sepfix, verbose)
    See section 'Generic functions and methods' in the 'Writing R
    Extensions' manual.
Flavor: r-devel-windows-x86_64

Version: 2.47
Flags: --no-vignettes
Check: Rd \usage sections
Result: NOTE
    S3 methods shown with full name in documentation object 'addDrug.Lexis':
     'addDrug.Lexis'
    
    The \usage entries for S3 methods should use the \method markup and not
    their full name.
    See chapter 'Writing R documentation files' in the 'Writing R
    Extensions' manual.
Flavor: r-devel-windows-x86_64