Last updated on 2022-05-19 10:55:43 CEST.
Flavor | Version | Tinstall | Tcheck | Ttotal | Status | Flags |
---|---|---|---|---|---|---|
r-devel-linux-x86_64-debian-clang | 0.3-9 | 11.52 | 76.83 | 88.35 | NOTE | |
r-devel-linux-x86_64-debian-gcc | 0.3-9 | 10.53 | 58.49 | 69.02 | NOTE | |
r-devel-linux-x86_64-fedora-clang | 0.3-9 | 103.44 | NOTE | |||
r-devel-linux-x86_64-fedora-gcc | 0.3-9 | 102.91 | OK | |||
r-devel-windows-x86_64 | 0.3-9 | 65.00 | 114.00 | 179.00 | OK | |
r-patched-linux-x86_64 | 0.3-9 | 23.14 | 68.42 | 91.56 | OK | |
r-release-linux-x86_64 | 0.3-9 | 11.24 | 69.43 | 80.67 | OK | |
r-release-macos-arm64 | 0.3-9 | 38.00 | OK | |||
r-release-macos-x86_64 | 0.3-9 | 58.00 | OK | |||
r-release-windows-x86_64 | 0.3-9 | 74.00 | 113.00 | 187.00 | OK | |
r-oldrel-macos-arm64 | 0.3-9 | 48.00 | NOTE | |||
r-oldrel-macos-x86_64 | 0.3-9 | 67.00 | OK | |||
r-oldrel-windows-ix86+x86_64 | 0.3-9 | 32.00 | 92.00 | 124.00 | OK |
Version: 0.3-9
Check: HTML version of manual
Result: NOTE
Found the following problems:
nuclearWeaponStates.Rd:307:112: Warning: <a> escaping malformed URI reference
Flavors: r-devel-linux-x86_64-debian-clang, r-devel-linux-x86_64-debian-gcc
Version: 0.3-9
Check: Rd cross-references
Result: NOTE
Undeclared packages ‘plm’, ‘systemfit’, ‘carData’, ‘wooldridge’ in Rd xrefs
Flavor: r-devel-linux-x86_64-fedora-clang
Version: 0.3-9
Check: installed package size
Result: NOTE
installed size is 5.3Mb
sub-directories of 1Mb or more:
data 4.7Mb
Flavor: r-oldrel-macos-arm64