CRAN Package Check Results for Package EMCluster

Last updated on 2022-07-02 10:49:28 CEST.

Flavor Version Tinstall Tcheck Ttotal Status Flags
r-devel-linux-x86_64-debian-clang 0.2-13 30.66 87.54 118.20 NOTE
r-devel-linux-x86_64-debian-gcc 0.2-13 22.93 66.88 89.81 NOTE
r-devel-linux-x86_64-fedora-clang 0.2-13 151.69 NOTE
r-devel-linux-x86_64-fedora-gcc 0.2-13 149.57 NOTE
r-devel-windows-x86_64 0.2-13 126.00 139.00 265.00 NOTE
r-patched-linux-x86_64 0.2-13 23.54 83.16 106.70 NOTE
r-release-linux-x86_64 0.2-13 22.95 83.74 106.69 NOTE
r-release-macos-arm64 0.2-13 48.00 NOTE
r-release-macos-x86_64 0.2-13 65.00 NOTE
r-release-windows-x86_64 0.2-13 106.00 139.00 245.00 NOTE
r-oldrel-macos-arm64 0.2-13 62.00 OK
r-oldrel-macos-x86_64 0.2-13 89.00 OK
r-oldrel-windows-ix86+x86_64 0.2-13 89.00 147.00 236.00 OK

Check Details

Version: 0.2-13
Check: package dependencies
Result: NOTE
    Package which this enhances but not available for checking: 'PPtree'
Flavors: r-devel-linux-x86_64-debian-clang, r-devel-linux-x86_64-debian-gcc, r-devel-linux-x86_64-fedora-clang, r-devel-linux-x86_64-fedora-gcc, r-devel-windows-x86_64, r-patched-linux-x86_64, r-release-linux-x86_64, r-release-macos-arm64, r-release-macos-x86_64, r-release-windows-x86_64