CRAN Package Check Results for Package EFS

Last updated on 2022-01-26 09:49:38 CET.

Flavor Version Tinstall Tcheck Ttotal Status Flags
r-devel-linux-x86_64-debian-clang 1.0.3 9.21 93.09 102.30 NOTE
r-devel-linux-x86_64-debian-gcc 1.0.3 7.86 72.64 80.50 NOTE
r-devel-linux-x86_64-fedora-clang 1.0.3 119.96 NOTE
r-devel-linux-x86_64-fedora-gcc 1.0.3 115.33 NOTE
r-devel-windows-x86_64-new-UL 1.0.3 21.00 111.00 132.00 OK
r-devel-windows-x86_64-new-TK 1.0.3 OK
r-patched-linux-x86_64 1.0.3 13.18 84.99 98.17 NOTE
r-release-linux-x86_64 1.0.3 9.43 85.73 95.16 NOTE
r-release-macos-arm64 1.0.3 OK
r-release-macos-x86_64 1.0.3 OK
r-release-windows-ix86+x86_64 1.0.3 21.00 99.00 120.00 OK
r-oldrel-macos-x86_64 1.0.3 OK
r-oldrel-windows-ix86+x86_64 1.0.3 23.00 102.00 125.00 OK

Check Details

Version: 1.0.3
Check: for non-standard things in the check directory
Result: NOTE
    Found the following files/directories:
     'eval_test_LG_ROC.pdf' 'test.pdf'
Flavors: r-devel-linux-x86_64-debian-clang, r-devel-linux-x86_64-debian-gcc, r-devel-linux-x86_64-fedora-clang, r-devel-linux-x86_64-fedora-gcc, r-patched-linux-x86_64, r-release-linux-x86_64