CRAN Package Check Results for Package EEMDelm

Last updated on 2022-01-16 10:48:30 CET.

Flavor Version Tinstall Tcheck Ttotal Status Flags
r-devel-linux-x86_64-debian-clang 0.1.0 6.63 83.12 89.75 OK
r-devel-linux-x86_64-debian-gcc 0.1.0 6.94 72.96 79.90 OK
r-devel-linux-x86_64-fedora-clang 0.1.0 112.16 OK
r-devel-linux-x86_64-fedora-gcc 0.1.0 96.91 OK
r-devel-windows-x86_64-new-UL 0.1.0 20.00 97.00 117.00 OK
r-devel-windows-x86_64-new-TK 0.1.0 ERROR
r-patched-linux-x86_64 0.1.0 8.22 77.17 85.39 OK
r-release-linux-x86_64 0.1.0 OK
r-release-macos-arm64 0.1.0 OK
r-release-macos-x86_64 0.1.0 OK
r-release-windows-ix86+x86_64 0.1.0 21.00 99.00 120.00 OK
r-oldrel-macos-x86_64 0.1.0 OK
r-oldrel-windows-ix86+x86_64 0.1.0 23.00 77.00 100.00 OK

Check Details

Version: 0.1.0
Check: package dependencies
Result: ERROR
    Package required but not available: 'nnfor'
    
    See section 'The DESCRIPTION file' in the 'Writing R Extensions'
    manual.
Flavor: r-devel-windows-x86_64-new-TK