CRAN Package Check Results for Package EDIutils

Last updated on 2022-11-27 09:53:26 CET.

Flavor Version Tinstall Tcheck Ttotal Status Flags
r-devel-linux-x86_64-debian-clang 1.0.2 4.71 69.13 73.84 OK
r-devel-linux-x86_64-debian-gcc 1.0.2 3.65 53.79 57.44 OK
r-devel-linux-x86_64-fedora-clang 1.0.2 103.91 OK
r-devel-linux-x86_64-fedora-gcc 1.0.2 104.69 OK
r-devel-windows-x86_64 1.0.2 89.00 129.00 218.00 OK
r-patched-linux-x86_64 1.0.2 6.45 63.42 69.87 OK
r-release-linux-x86_64 1.0.2 4.19 60.35 64.54 OK
r-release-macos-arm64 1.0.2 39.00 OK
r-release-macos-x86_64 1.0.2 46.00 OK
r-release-windows-x86_64 1.0.2 96.00 120.00 216.00 ERROR
r-oldrel-macos-arm64 1.0.2 35.00 OK
r-oldrel-macos-x86_64 1.0.2 54.00 OK
r-oldrel-windows-ix86+x86_64 1.0.2 9.00 99.00 108.00 OK

Check Details

Version: 1.0.2
Check: tests
Result: ERROR
     Running 'testthat.R' [23s]
    Running the tests in 'tests/testthat.R' failed.
    Complete output:
     > library(testthat)
     > library(EDIutils)
     >
     > test_check("EDIutils")
     [ FAIL 4 | WARN 0 | SKIP 15 | PASS 142 ]
    
     ══ Skipped tests ═══════════════════════════════════════════════════════════════
     • Not run when logged out. Login with 'login()'. (12)
     • empty test (3)
    
     ══ Failed tests ════════════════════════════════════════════════════════════════
     ── Error ('test_delete_event_subscription.R:7'): delete_event_subscription() works ──
     Error in `vapply(interactions, function(x) {
     sprintf("%s => %s", request_summary(Request$new()$from_hash(x$request)),
     response_summary(VcrResponse$new()$from_hash(x$response)))
     }, "")`: values must be length 1,
     but FUN(X[[1]]) result is length 0
     Backtrace:
     ▆
     1. └─vcr::use_cassette(...) at test_delete_event_subscription.R:7:2
     2. └─vcr::insert_cassette(...)
     3. └─Cassette$new(...)
     4. └─vcr (local) initialize(...)
     5. └─self$http_interactions()
     6. └─HTTPInteractionList$new(...)
     7. └─vcr (local) initialize(...)
     8. └─base::vapply(...)
     ── Error ('test_delete_journal_citation.R:7'): delete_journal_citation() works ──
     Error in `vapply(interactions, function(x) {
     sprintf("%s => %s", request_summary(Request$new()$from_hash(x$request)),
     response_summary(VcrResponse$new()$from_hash(x$response)))
     }, "")`: values must be length 1,
     but FUN(X[[1]]) result is length 0
     Backtrace:
     ▆
     1. └─vcr::use_cassette(...) at test_delete_journal_citation.R:7:2
     2. └─vcr::insert_cassette(...)
     3. └─Cassette$new(...)
     4. └─vcr (local) initialize(...)
     5. └─self$http_interactions()
     6. └─HTTPInteractionList$new(...)
     7. └─vcr (local) initialize(...)
     8. └─base::vapply(...)
     ── Error ('test_execute_event_subscription.R:6'): execute_event_subscription() works (mock test) ──
     Error in `vapply(interactions, function(x) {
     sprintf("%s => %s", request_summary(Request$new()$from_hash(x$request)),
     response_summary(VcrResponse$new()$from_hash(x$response)))
     }, "")`: values must be length 1,
     but FUN(X[[1]]) result is length 0
     Backtrace:
     ▆
     1. └─vcr::use_cassette(...) at test_execute_event_subscription.R:6:2
     2. └─vcr::insert_cassette(...)
     3. └─Cassette$new(...)
     4. └─vcr (local) initialize(...)
     5. └─self$http_interactions()
     6. └─HTTPInteractionList$new(...)
     7. └─vcr (local) initialize(...)
     8. └─base::vapply(...)
     ── Error ('test_login.R:4'): login() works ─────────────────────────────────────
     Error in `vapply(interactions, function(x) {
     sprintf("%s => %s", request_summary(Request$new()$from_hash(x$request)),
     response_summary(VcrResponse$new()$from_hash(x$response)))
     }, "")`: values must be length 1,
     but FUN(X[[1]]) result is length 0
     Backtrace:
     ▆
     1. └─vcr::use_cassette(...) at test_login.R:4:2
     2. └─vcr::insert_cassette(...)
     3. └─Cassette$new(...)
     4. └─vcr (local) initialize(...)
     5. └─self$http_interactions()
     6. └─HTTPInteractionList$new(...)
     7. └─vcr (local) initialize(...)
     8. └─base::vapply(...)
    
     [ FAIL 4 | WARN 0 | SKIP 15 | PASS 142 ]
     Error: Test failures
     Execution halted
Flavor: r-release-windows-x86_64