Last updated on 2023-03-21 10:52:12 CET.
Flavor | Version | Tinstall | Tcheck | Ttotal | Status | Flags |
---|---|---|---|---|---|---|
r-devel-linux-x86_64-debian-clang | 0.2.1 | 5.78 | 51.89 | 57.67 | OK | |
r-devel-linux-x86_64-debian-gcc | 0.2.1 | 4.80 | 38.88 | 43.68 | OK | |
r-devel-linux-x86_64-fedora-clang | 0.2.1 | 70.98 | NOTE | |||
r-devel-linux-x86_64-fedora-gcc | 0.2.1 | 66.27 | NOTE | |||
r-devel-windows-x86_64 | 0.2.1 | 34.00 | 78.00 | 112.00 | OK | |
r-patched-linux-x86_64 | 0.2.1 | 5.73 | 51.15 | 56.88 | OK | |
r-release-linux-x86_64 | 0.2.1 | 4.90 | 50.87 | 55.77 | OK | |
r-release-macos-arm64 | 0.2.1 | 24.00 | NOTE | |||
r-release-macos-x86_64 | 0.2.1 | 35.00 | NOTE | |||
r-release-windows-x86_64 | 0.2.1 | 29.00 | 81.00 | 110.00 | OK | |
r-oldrel-macos-arm64 | 0.2.1 | 24.00 | NOTE | |||
r-oldrel-macos-x86_64 | 0.2.1 | 38.00 | NOTE | |||
r-oldrel-windows-ix86+x86_64 | 0.2.1 | 16.00 | 80.00 | 96.00 | OK |
Version: 0.2.1
Check: dependencies in R code
Result: NOTE
Namespace in Imports field not imported from: ‘tibble’
All declared Imports should be used.
Flavors: r-devel-linux-x86_64-fedora-clang, r-devel-linux-x86_64-fedora-gcc, r-release-macos-arm64, r-release-macos-x86_64, r-oldrel-macos-arm64, r-oldrel-macos-x86_64
Version: 0.2.1
Check: Rd cross-references
Result: NOTE
Undeclared package ‘installr’ in Rd xrefs
Flavor: r-devel-linux-x86_64-fedora-clang