Last updated on 2023-03-25 09:51:24 CET.
Flavor | Version | Tinstall | Tcheck | Ttotal | Status | Flags |
---|---|---|---|---|---|---|
r-devel-linux-x86_64-debian-clang | 4.11 | 31.68 | 128.25 | 159.93 | OK | |
r-devel-linux-x86_64-debian-gcc | 4.11 | 28.15 | 97.51 | 125.66 | OK | |
r-devel-linux-x86_64-fedora-gcc | 4.11 | 193.14 | OK | |||
r-devel-windows-x86_64 | 4.11 | 323.00 | 193.00 | 516.00 | OK | |
r-patched-linux-x86_64 | 4.11 | 36.79 | 109.18 | 145.97 | WARN | |
r-release-linux-x86_64 | 4.11 | 31.80 | 108.05 | 139.85 | WARN | |
r-release-macos-arm64 | 4.11 | 48.00 | WARN | |||
r-release-macos-x86_64 | 4.11 | 68.00 | WARN | |||
r-release-windows-x86_64 | 4.11 | 388.00 | 152.00 | 540.00 | WARN | |
r-oldrel-macos-arm64 | 4.11 | 54.00 | WARN | |||
r-oldrel-macos-x86_64 | 4.11 | 69.00 | WARN | |||
r-oldrel-windows-ix86+x86_64 | 4.11 | 56.00 | 135.00 | 191.00 | WARN |
Version: 4.11
Check: for code/documentation mismatches
Result: WARN
Codoc mismatches from documentation object ‘IQLearnFS_VHet-methods’:
\S4method{qqplot}{IQLearnFS_VHet}
Code: function(x, y, plot.it = TRUE, xlab = deparse1(substitute(x)),
ylab = deparse1(substitute(y)), ...)
Docs: function(x, y, plot.it = TRUE, xlab = deparse1(substitute(x)),
ylab = deparse1(substitute(y)), ..., conf.level =
NULL, conf.args = list(exact = NULL, simulate.p.value
= FALSE, B = 2000, col = NA, border = NULL))
Argument names in docs not in code:
conf.level conf.args
Flavors: r-patched-linux-x86_64, r-release-linux-x86_64, r-release-macos-arm64, r-release-macos-x86_64, r-release-windows-x86_64, r-oldrel-macos-arm64, r-oldrel-macos-x86_64, r-oldrel-windows-ix86+x86_64