Last updated on 2023-09-25 10:00:28 CEST.
Flavor | Version | Tinstall | Tcheck | Ttotal | Status | Flags |
---|---|---|---|---|---|---|
r-devel-linux-x86_64-debian-clang | 2.1-0 | 6.73 | 53.05 | 59.78 | OK | |
r-devel-linux-x86_64-debian-gcc | 2.1-0 | 4.51 | 40.95 | 45.46 | OK | |
r-devel-linux-x86_64-fedora-clang | 2.1-0 | 72.33 | NOTE | |||
r-devel-linux-x86_64-fedora-gcc | 2.1-0 | 115.48 | OK | |||
r-devel-windows-x86_64 | 2.1-0 | 7.00 | 65.00 | 72.00 | OK | |
r-patched-linux-x86_64 | 2.1-0 | 5.65 | 51.97 | 57.62 | OK | |
r-release-linux-x86_64 | 2.1-0 | 5.74 | 51.73 | 57.47 | OK | |
r-release-macos-arm64 | 2.1-0 | 55.00 | OK | |||
r-release-macos-x86_64 | 2.1-0 | 73.00 | OK | |||
r-release-windows-x86_64 | 2.1-0 | 8.00 | 68.00 | 76.00 | OK | |
r-oldrel-macos-arm64 | 2.1-0 | 39.00 | OK | |||
r-oldrel-macos-x86_64 | 2.1-0 | 47.00 | NOTE | |||
r-oldrel-windows-x86_64 | 2.1-0 | 8.00 | 69.00 | 77.00 | OK |
Version: 2.1-0
Check: package dependencies
Result: NOTE
Package suggested but not available for checking: ‘rlibkriging’
Flavors: r-devel-linux-x86_64-fedora-clang, r-oldrel-macos-x86_64