CRAN Package Check Results for Package DescribeDisplay

Last updated on 2022-12-10 10:51:07 CET.

Flavor Version Tinstall Tcheck Ttotal Status Flags
r-devel-linux-x86_64-debian-clang 0.2.7 7.15 79.46 86.61 NOTE
r-devel-linux-x86_64-debian-gcc 0.2.7 5.25 59.88 65.13 NOTE
r-devel-linux-x86_64-fedora-clang 0.2.7 111.74 NOTE
r-devel-linux-x86_64-fedora-gcc 0.2.7 109.86 NOTE
r-devel-windows-x86_64 0.2.7 75.00 144.00 219.00 NOTE
r-patched-linux-x86_64 0.2.7 7.57 72.44 80.01 OK
r-release-linux-x86_64 0.2.7 5.49 71.64 77.13 OK
r-release-macos-arm64 0.2.7 30.00 OK
r-release-macos-x86_64 0.2.7 61.00 OK
r-release-windows-x86_64 0.2.7 60.00 113.00 173.00 OK
r-oldrel-macos-arm64 0.2.7 42.00 OK
r-oldrel-macos-x86_64 0.2.7 55.00 OK
r-oldrel-windows-ix86+x86_64 0.2.7 18.00 101.00 119.00 OK

Check Details

Version: 0.2.7
Check: Rd files
Result: NOTE
    checkRd: (-1) geom_axis.Rd:10: Escaped LaTeX specials: \_
Flavors: r-devel-linux-x86_64-debian-clang, r-devel-linux-x86_64-debian-gcc, r-devel-linux-x86_64-fedora-clang, r-devel-linux-x86_64-fedora-gcc, r-devel-windows-x86_64