CRAN Package Check Results for Package DTComPair

Last updated on 2024-03-02 09:50:14 CET.

Flavor Version Tinstall Tcheck Ttotal Status Flags
r-devel-linux-x86_64-debian-clang 1.2.2 4.01 35.00 39.01 NOTE
r-devel-linux-x86_64-debian-gcc 1.2.2 2.86 26.87 29.73 NOTE
r-devel-linux-x86_64-fedora-clang 1.2.2 48.47 NOTE
r-devel-windows-x86_64 1.2.2 4.00 50.00 54.00 OK
r-patched-linux-x86_64 1.2.2 5.10 33.72 38.82 OK
r-release-linux-x86_64 1.2.2 4.46 34.04 38.50 OK
r-release-macos-arm64 1.2.2 21.00 OK
r-release-macos-x86_64 1.2.2 37.00 OK
r-release-windows-x86_64 1.2.2 4.00 55.00 59.00 OK
r-oldrel-macos-arm64 1.2.2 20.00 OK
r-oldrel-windows-x86_64 1.2.2 7.00 57.00 64.00 OK

Check Details

Version: 1.2.2
Check: Rd files
Result: NOTE checkRd: (-1) pv.prev.Rd:24: Lost braces; missing escapes or markup? 24 | - PPV = 1 / {1 + (1 / pi - 1) / pDLR} | ^ checkRd: (-1) pv.prev.Rd:25: Lost braces; missing escapes or markup? 25 | - NPV = 1 / {1 + (1 / (1 / pi - 1)) / nDLR}. | ^ Flavors: r-devel-linux-x86_64-debian-clang, r-devel-linux-x86_64-debian-gcc, r-devel-linux-x86_64-fedora-clang