Last updated on 2022-05-27 10:53:45 CEST.
Flavor | Version | Tinstall | Tcheck | Ttotal | Status | Flags |
---|---|---|---|---|---|---|
r-devel-linux-x86_64-debian-clang | 1.0.3 | 3.87 | 42.03 | 45.90 | NOTE | |
r-devel-linux-x86_64-debian-gcc | 1.0.3 | 2.79 | 33.06 | 35.85 | NOTE | |
r-devel-linux-x86_64-fedora-clang | 1.0.3 | 55.64 | NOTE | |||
r-devel-linux-x86_64-fedora-gcc | 1.0.3 | 53.56 | NOTE | |||
r-devel-windows-x86_64 | 1.0.3 | 28.00 | 66.00 | 94.00 | NOTE | |
r-patched-linux-x86_64 | 1.0.3 | 4.78 | 39.70 | 44.48 | NOTE | |
r-release-linux-x86_64 | 1.0.3 | 4.16 | 40.99 | 45.15 | NOTE | |
r-release-macos-arm64 | 1.0.3 | 20.00 | NOTE | |||
r-release-macos-x86_64 | 1.0.3 | 27.00 | NOTE | |||
r-release-windows-x86_64 | 1.0.3 | 24.00 | 67.00 | 91.00 | NOTE | |
r-oldrel-macos-arm64 | 1.0.3 | 22.00 | NOTE | |||
r-oldrel-macos-x86_64 | 1.0.3 | 36.00 | NOTE | |||
r-oldrel-windows-ix86+x86_64 | 1.0.3 | 8.00 | 53.00 | 61.00 | NOTE |
Version: 1.0.3
Check: R code for possible problems
Result: NOTE
DLR: no visible global function definition for 'formula'
DLR: no visible global function definition for 'terms'
DLR: no visible global function definition for 'model.matrix'
DLR: no visible global function definition for 'as.formula'
DLR: no visible binding for global variable 'binomial'
DLR: no visible global function definition for 'coef'
DLR: no visible global function definition for 'pnorm'
DLR: no visible global function definition for 'qnorm'
acc.1test: no visible global function definition for 'qnorm'
pv.gs: no visible global function definition for 'pchisq'
pv.rpv: no visible global function definition for 'qnorm'
pv.rpv: no visible global function definition for 'pnorm'
pv.wgs: no visible global function definition for 'pchisq'
sesp.diff.ci: no visible global function definition for 'qnorm'
sesp.mcnemar: no visible global function definition for 'pchisq'
Undefined global functions or variables:
as.formula binomial coef formula model.matrix pchisq pnorm qnorm
terms
Consider adding
importFrom("stats", "as.formula", "binomial", "coef", "formula",
"model.matrix", "pchisq", "pnorm", "qnorm", "terms")
to your NAMESPACE file.
Flavors: r-devel-linux-x86_64-debian-clang, r-devel-linux-x86_64-debian-gcc, r-devel-linux-x86_64-fedora-clang, r-devel-linux-x86_64-fedora-gcc, r-devel-windows-x86_64, r-patched-linux-x86_64, r-release-linux-x86_64, r-release-macos-arm64, r-release-macos-x86_64, r-release-windows-x86_64, r-oldrel-macos-arm64, r-oldrel-macos-x86_64, r-oldrel-windows-ix86+x86_64