Last updated on 2023-03-28 10:51:33 CEST.
Flavor | Version | Tinstall | Tcheck | Ttotal | Status | Flags |
---|---|---|---|---|---|---|
r-devel-linux-x86_64-debian-clang | 0.9.3 | 11.85 | 170.08 | 181.93 | OK | |
r-devel-linux-x86_64-debian-gcc | 0.9.3 | 8.22 | 125.31 | 133.53 | OK | |
r-devel-linux-x86_64-fedora-clang | 0.9.3 | 216.34 | NOTE | |||
r-devel-linux-x86_64-fedora-gcc | 0.9.3 | 221.59 | OK | |||
r-devel-windows-x86_64 | 0.9.3 | 178.00 | 225.00 | 403.00 | NOTE | |
r-patched-linux-x86_64 | 0.9.3 | 8.95 | 157.12 | 166.07 | OK | |
r-release-linux-x86_64 | 0.9.3 | 7.25 | 164.14 | 171.39 | OK | |
r-release-macos-arm64 | 0.9.3 | 58.00 | NOTE | |||
r-release-macos-x86_64 | 0.9.3 | 90.00 | NOTE | |||
r-release-windows-x86_64 | 0.9.3 | 129.00 | 228.00 | 357.00 | NOTE | |
r-oldrel-macos-arm64 | 0.9.3 | 64.00 | NOTE | |||
r-oldrel-macos-x86_64 | 0.9.3 | 76.00 | NOTE | |||
r-oldrel-windows-ix86+x86_64 | 0.9.3 | 25.00 | 204.00 | 229.00 | NOTE |
Version: 0.9.3
Check: installed package size
Result: NOTE
installed size is 5.2Mb
sub-directories of 1Mb or more:
appinformation 4.1Mb
Flavors: r-devel-linux-x86_64-fedora-clang, r-devel-windows-x86_64, r-release-macos-arm64, r-release-macos-x86_64, r-release-windows-x86_64, r-oldrel-macos-arm64, r-oldrel-macos-x86_64, r-oldrel-windows-ix86+x86_64