CRAN Package Check Results for Package DNAtools

Last updated on 2022-12-04 09:55:15 CET.

Flavor Version Tinstall Tcheck Ttotal Status Flags
r-devel-linux-x86_64-debian-clang 0.2-4 70.43 81.57 152.00 NOTE
r-devel-linux-x86_64-debian-gcc 0.2-4 57.20 61.99 119.19 NOTE
r-devel-linux-x86_64-fedora-clang 0.2-4 249.15 NOTE
r-devel-linux-x86_64-fedora-gcc 0.2-4 205.65 NOTE
r-devel-windows-x86_64 0.2-4 81.00 140.00 221.00 NOTE
r-patched-linux-x86_64 0.2-4 62.99 78.40 141.39 NOTE
r-release-linux-x86_64 0.2-4 62.37 74.44 136.81 NOTE
r-release-macos-arm64 0.2-4 57.00 NOTE
r-release-macos-x86_64 0.2-4 74.00 NOTE
r-release-windows-x86_64 0.2-4 85.00 141.00 226.00 NOTE
r-oldrel-macos-arm64 0.2-4 57.00 NOTE
r-oldrel-macos-x86_64 0.2-4 74.00 NOTE
r-oldrel-windows-ix86+x86_64 0.2-4 177.00 157.00 334.00 WARN

Check Details

Version: 0.2-4
Check: for GNU extensions in Makefiles
Result: NOTE
    GNU make is a SystemRequirements.
Flavors: r-devel-linux-x86_64-debian-clang, r-devel-linux-x86_64-debian-gcc, r-devel-linux-x86_64-fedora-clang, r-devel-linux-x86_64-fedora-gcc, r-devel-windows-x86_64, r-patched-linux-x86_64, r-release-linux-x86_64, r-release-macos-arm64, r-release-macos-x86_64, r-release-windows-x86_64, r-oldrel-macos-arm64, r-oldrel-macos-x86_64, r-oldrel-windows-ix86+x86_64

Version: 0.2-4
Check: for unstated dependencies in ‘tests’
Result: WARN
    Warning: unable to access index for repository https://bioconductor.org/packages/3.14/bioc/src/contrib:
     cannot open URL 'https://bioconductor.org/packages/3.14/bioc/src/contrib/PACKAGES'
    Warning: unable to access index for repository https://bioconductor.org/packages/3.14/data/annotation/src/contrib:
     cannot open URL 'https://bioconductor.org/packages/3.14/data/annotation/src/contrib/PACKAGES'
    Warning: unable to access index for repository https://bioconductor.org/packages/3.14/data/experiment/src/contrib:
     cannot open URL 'https://bioconductor.org/packages/3.14/data/experiment/src/contrib/PACKAGES'
Flavor: r-oldrel-windows-ix86+x86_64