CRAN Package Check Results for Package DIscBIO

Last updated on 2022-01-21 10:53:54 CET.

Flavor Version Tinstall Tcheck Ttotal Status Flags
r-devel-linux-x86_64-debian-clang 1.2.0 68.26 471.58 539.84 OK
r-devel-linux-x86_64-debian-gcc 1.2.0 58.02 350.11 408.13 OK
r-devel-linux-x86_64-fedora-clang 1.2.0 679.76 OK
r-devel-linux-x86_64-fedora-gcc 1.2.0 617.01 OK
r-devel-windows-x86_64-new-UL 1.2.0 112.00 434.00 546.00 OK
r-devel-windows-x86_64-new-TK 1.2.0 OK
r-patched-linux-x86_64 1.2.0 52.19 446.77 498.96 OK
r-release-linux-x86_64 1.2.0 44.36 450.70 495.06 OK
r-release-macos-arm64 1.2.0 OK
r-release-macos-x86_64 1.2.0 OK
r-release-windows-ix86+x86_64 1.2.0 125.00 406.00 531.00 OK
r-oldrel-macos-x86_64 1.2.0 ERROR
r-oldrel-windows-ix86+x86_64 1.2.0 118.00 440.00 558.00 OK

Check Details

Version: 1.2.0
Check: package dependencies
Result: ERROR
    Package required but not available: ‘TSCAN’
    
    See section ‘The DESCRIPTION file’ in the ‘Writing R Extensions’
    manual.
Flavor: r-oldrel-macos-x86_64