CRAN Package Check Results for Package DHS.rates

Last updated on 2021-11-29 09:52:35 CET.

Flavor Version Tinstall Tcheck Ttotal Status Flags
r-devel-linux-x86_64-debian-clang 0.9.0 OK
r-devel-linux-x86_64-debian-gcc 0.9.0 6.66 66.23 72.89 OK
r-devel-linux-x86_64-fedora-clang 0.9.0 126.62 NOTE
r-devel-linux-x86_64-fedora-gcc 0.9.0 121.87 NOTE
r-devel-windows-x86_64-new-UL 0.9.0 17.00 128.00 145.00 OK
r-devel-windows-x86_64-new-TK 0.9.0 NOTE
r-devel-windows-x86_64-old 0.9.0 12.00 99.00 111.00 OK
r-patched-linux-x86_64 0.9.0 7.40 84.67 92.07 OK
r-patched-solaris-x86 0.9.0 129.60 NOTE
r-release-linux-x86_64 0.9.0 8.36 84.92 93.28 OK
r-release-macos-arm64 0.9.0 NOTE
r-release-macos-x86_64 0.9.0 NOTE
r-release-windows-ix86+x86_64 0.9.0 17.00 114.00 131.00 OK
r-oldrel-macos-x86_64 0.9.0 NOTE
r-oldrel-windows-ix86+x86_64 0.9.0 25.00 113.00 138.00 OK

Check Details

Version: 0.9.0
Check: dependencies in R code
Result: NOTE
    Namespace in Imports field not imported from: ‘rlang’
     All declared Imports should be used.
Flavors: r-devel-linux-x86_64-fedora-clang, r-devel-linux-x86_64-fedora-gcc, r-devel-windows-x86_64-new-TK, r-patched-solaris-x86, r-release-macos-arm64, r-release-macos-x86_64, r-oldrel-macos-x86_64