CRAN Package Check Results for Package DDoutlier

Last updated on 2022-05-27 10:53:45 CEST.

Flavor Version Tinstall Tcheck Ttotal Status Flags
r-devel-linux-x86_64-debian-clang 0.1.0 3.25 35.70 38.95 NOTE
r-devel-linux-x86_64-debian-gcc 0.1.0 2.40 27.22 29.62 NOTE
r-devel-linux-x86_64-fedora-clang 0.1.0 48.66 NOTE
r-devel-linux-x86_64-fedora-gcc 0.1.0 44.94 NOTE
r-devel-windows-x86_64 0.1.0 25.00 51.00 76.00 NOTE
r-patched-linux-x86_64 0.1.0 3.30 34.17 37.47 NOTE
r-release-linux-x86_64 0.1.0 3.10 34.59 37.69 NOTE
r-release-macos-arm64 0.1.0 16.00 NOTE
r-release-macos-x86_64 0.1.0 22.00 NOTE
r-release-windows-x86_64 0.1.0 21.00 53.00 74.00 NOTE
r-oldrel-macos-arm64 0.1.0 18.00 NOTE
r-oldrel-macos-x86_64 0.1.0 28.00 NOTE
r-oldrel-windows-ix86+x86_64 0.1.0 6.00 44.00 50.00 NOTE

Check Details

Version: 0.1.0
Check: LazyData
Result: NOTE
     'LazyData' is specified without a 'data' directory
Flavors: r-devel-linux-x86_64-debian-clang, r-devel-linux-x86_64-debian-gcc, r-devel-linux-x86_64-fedora-clang, r-devel-linux-x86_64-fedora-gcc, r-devel-windows-x86_64, r-patched-linux-x86_64, r-release-linux-x86_64, r-release-macos-arm64, r-release-macos-x86_64, r-release-windows-x86_64, r-oldrel-macos-arm64, r-oldrel-macos-x86_64, r-oldrel-windows-ix86+x86_64