CRAN Package Check Results for Package DClusterm

Last updated on 2022-01-29 09:48:56 CET.

Flavor Version Tinstall Tcheck Ttotal Status Flags
r-devel-linux-x86_64-debian-clang 1.0-1 32.40 423.37 455.77 NOTE
r-devel-linux-x86_64-debian-gcc 1.0-1 24.30 306.37 330.67 NOTE
r-devel-linux-x86_64-fedora-clang 1.0-1 520.92 NOTE
r-devel-linux-x86_64-fedora-gcc 1.0-1 548.87 NOTE
r-devel-windows-x86_64-new-UL 1.0-1 61.00 319.00 380.00 NOTE --no-vignettes
r-devel-windows-x86_64-new-TK 1.0-1 NOTE
r-patched-linux-x86_64 1.0-1 NOTE
r-release-linux-x86_64 1.0-1 23.79 355.73 379.52 NOTE
r-release-macos-arm64 1.0-1 NOTE
r-release-macos-x86_64 1.0-1 NOTE
r-release-windows-ix86+x86_64 1.0-1 67.00 223.00 290.00 OK --no-vignettes
r-oldrel-macos-x86_64 1.0-1 NOTE
r-oldrel-windows-ix86+x86_64 1.0-1 71.00 245.00 316.00 OK --no-vignettes

Check Details

Version: 1.0-1
Check: package dependencies
Result: NOTE
    Package suggested but not available for checking: 'INLA'
Flavors: r-devel-linux-x86_64-debian-clang, r-devel-linux-x86_64-debian-gcc, r-devel-windows-x86_64-new-TK, r-patched-linux-x86_64, r-release-linux-x86_64, r-release-macos-arm64, r-release-macos-x86_64, r-oldrel-macos-x86_64

Version: 1.0-1
Check: data for non-ASCII characters
Result: NOTE
     Note: found 2 marked Latin-1 strings
Flavors: r-devel-linux-x86_64-fedora-clang, r-devel-linux-x86_64-fedora-gcc, r-devel-windows-x86_64-new-TK, r-release-macos-arm64, r-release-macos-x86_64, r-oldrel-macos-x86_64

Version: 1.0-1
Flags: --no-vignettes
Check: package dependencies
Result: NOTE
    Package suggested but not available for checking: 'INLA'
Flavor: r-devel-windows-x86_64-new-UL