CRAN Package Check Results for Package DCSmooth

Last updated on 2022-12-04 09:55:15 CET.

Flavor Version Tinstall Tcheck Ttotal Status Flags
r-devel-linux-x86_64-debian-clang 1.1.2 206.98 303.81 510.79 OK
r-devel-linux-x86_64-debian-gcc 1.1.2 158.85 247.44 406.29 OK
r-devel-linux-x86_64-fedora-clang 1.1.2 741.56 OK
r-devel-linux-x86_64-fedora-gcc 1.1.2 644.70 OK
r-devel-windows-x86_64 1.1.2 170.00 371.00 541.00 OK
r-patched-linux-x86_64 1.1.2 168.81 297.14 465.95 OK
r-release-linux-x86_64 1.1.2 177.04 298.89 475.93 OK
r-release-macos-arm64 1.1.2 155.00 NOTE
r-release-macos-x86_64 1.1.2 234.00 NOTE
r-release-windows-x86_64 1.1.2 176.00 369.00 545.00 OK
r-oldrel-macos-arm64 1.1.2 166.00 NOTE
r-oldrel-macos-x86_64 1.1.2 192.00 NOTE
r-oldrel-windows-ix86+x86_64 1.1.2 500.00 567.00 1067.00 NOTE

Check Details

Version: 1.1.2
Check: installed package size
Result: NOTE
     installed size is 8.2Mb
     sub-directories of 1Mb or more:
     data 1.9Mb
     libs 5.6Mb
Flavors: r-release-macos-arm64, r-release-macos-x86_64, r-oldrel-macos-arm64, r-oldrel-macos-x86_64, r-oldrel-windows-ix86+x86_64