Last updated on 2022-05-28 10:50:43 CEST.
Flavor | Version | Tinstall | Tcheck | Ttotal | Status | Flags |
---|---|---|---|---|---|---|
r-devel-linux-x86_64-debian-clang | 0.4.0 | 16.28 | 58.16 | 74.44 | OK | |
r-devel-linux-x86_64-debian-gcc | 0.4.0 | 12.21 | 43.68 | 55.89 | OK | |
r-devel-linux-x86_64-fedora-clang | 0.4.0 | 88.97 | NOTE | |||
r-devel-linux-x86_64-fedora-gcc | 0.4.0 | 86.40 | OK | |||
r-devel-windows-x86_64 | 0.4.0 | 45.00 | 92.00 | 137.00 | OK | |
r-patched-linux-x86_64 | 0.4.0 | 13.68 | 53.89 | 67.57 | OK | |
r-release-linux-x86_64 | 0.4.0 | 13.67 | 54.19 | 67.86 | OK | |
r-release-macos-arm64 | 0.4.0 | 32.00 | OK | |||
r-release-macos-x86_64 | 0.4.0 | 42.00 | OK | |||
r-release-windows-x86_64 | 0.4.0 | 44.00 | 90.00 | 134.00 | OK | |
r-oldrel-macos-arm64 | 0.4.0 | 29.00 | OK | |||
r-oldrel-macos-x86_64 | 0.4.0 | 40.00 | OK | |||
r-oldrel-windows-ix86+x86_64 | 0.4.0 | 59.00 | 90.00 | 149.00 | OK |
Version: 0.4.0
Check: Rd cross-references
Result: NOTE
Undeclared package ‘caret’ in Rd xrefs
Flavor: r-devel-linux-x86_64-fedora-clang