Last updated on 2023-03-21 10:52:10 CET.
Flavor | Version | Tinstall | Tcheck | Ttotal | Status | Flags |
---|---|---|---|---|---|---|
r-devel-linux-x86_64-debian-clang | 1.4.8 | 3.75 | 36.90 | 40.65 | OK | |
r-devel-linux-x86_64-debian-gcc | 1.4.8 | 3.63 | 29.46 | 33.09 | OK | |
r-devel-linux-x86_64-fedora-clang | 1.4.8 | 54.48 | NOTE | |||
r-devel-linux-x86_64-fedora-gcc | 1.4.8 | 49.72 | NOTE | |||
r-devel-windows-x86_64 | 1.4.8 | 24.00 | 63.00 | 87.00 | OK | |
r-patched-linux-x86_64 | 1.4.8 | 4.76 | 37.89 | 42.65 | OK | |
r-release-linux-x86_64 | 1.4.8 | 3.92 | 38.66 | 42.58 | OK | |
r-release-macos-arm64 | 1.4.8 | 20.00 | NOTE | |||
r-release-macos-x86_64 | 1.4.8 | 28.00 | NOTE | |||
r-release-windows-x86_64 | 1.4.8 | 24.00 | 75.00 | 99.00 | OK | |
r-oldrel-macos-arm64 | 1.4.8 | 19.00 | NOTE | |||
r-oldrel-macos-x86_64 | 1.4.8 | 28.00 | NOTE | |||
r-oldrel-windows-ix86+x86_64 | 1.4.8 | 14.00 | 69.00 | 83.00 | OK |
Version: 1.4.8
Check: dependencies in R code
Result: NOTE
Namespaces in Imports field not imported from:
‘DT’ ‘dplyr’ ‘geosphere’ ‘mapdata’ ‘maps’ ‘marmap’ ‘shinydashboard’
‘shinyjs’ ‘stringr’ ‘swfscDAS’
All declared Imports should be used.
Flavors: r-devel-linux-x86_64-fedora-clang, r-devel-linux-x86_64-fedora-gcc, r-release-macos-arm64, r-release-macos-x86_64, r-oldrel-macos-arm64, r-oldrel-macos-x86_64