Last updated on 2023-01-28 10:51:24 CET.
Flavor | Version | Tinstall | Tcheck | Ttotal | Status | Flags |
---|---|---|---|---|---|---|
r-devel-linux-x86_64-debian-clang | 0.0.1 | 7.12 | 94.85 | 101.97 | NOTE | |
r-devel-linux-x86_64-debian-gcc | 0.0.1 | 6.44 | 69.84 | 76.28 | NOTE | |
r-devel-linux-x86_64-fedora-clang | 0.0.1 | 131.92 | NOTE | |||
r-devel-linux-x86_64-fedora-gcc | 0.0.1 | 133.77 | NOTE | |||
r-devel-windows-x86_64 | 0.0.1 | 19.00 | 127.00 | 146.00 | NOTE | |
r-patched-linux-x86_64 | 0.0.1 | 9.89 | 92.12 | 102.01 | NOTE | |
r-release-linux-x86_64 | 0.0.1 | 8.64 | 92.06 | 100.70 | NOTE | |
r-release-macos-arm64 | 0.0.1 | 44.00 | NOTE | |||
r-release-macos-x86_64 | 0.0.1 | 74.00 | NOTE | |||
r-release-windows-x86_64 | 0.0.1 | 71.00 | 138.00 | 209.00 | NOTE | |
r-oldrel-macos-arm64 | 0.0.1 | 75.00 | NOTE | |||
r-oldrel-macos-x86_64 | 0.0.1 | 76.00 | NOTE | |||
r-oldrel-windows-ix86+x86_64 | 0.0.1 | 23.00 | 122.00 | 145.00 | NOTE |
Version: 0.0.1
Check: LazyData
Result: NOTE
'LazyData' is specified without a 'data' directory
Flavors: r-devel-linux-x86_64-debian-clang, r-devel-linux-x86_64-debian-gcc, r-devel-linux-x86_64-fedora-clang, r-devel-linux-x86_64-fedora-gcc, r-devel-windows-x86_64, r-patched-linux-x86_64, r-release-linux-x86_64, r-release-macos-arm64, r-release-macos-x86_64, r-release-windows-x86_64, r-oldrel-macos-arm64, r-oldrel-macos-x86_64, r-oldrel-windows-ix86+x86_64