CRAN Package Check Results for Package ConsReg

Last updated on 2025-01-22 12:59:48 CET.

Flavor Version Tinstall Tcheck Ttotal Status Flags
r-devel-linux-x86_64-debian-clang 0.1.0 4.14 44.74 48.88 OK
r-devel-linux-x86_64-debian-gcc 0.1.0 3.11 34.75 37.86 OK
r-devel-linux-x86_64-fedora-clang 0.1.0 85.22 NOTE
r-devel-linux-x86_64-fedora-gcc 0.1.0 92.53 NOTE
r-devel-windows-x86_64 0.1.0 7.00 72.00 79.00 OK
r-patched-linux-x86_64 0.1.0 4.60 42.85 47.45 OK
r-release-linux-x86_64 0.1.0 4.30 42.82 47.12 OK
r-release-macos-arm64 0.1.0 35.00 OK
r-release-macos-x86_64 0.1.0 60.00 OK
r-release-windows-x86_64 0.1.0 8.00 70.00 78.00 OK
r-oldrel-macos-arm64 0.1.0 37.00 OK
r-oldrel-macos-x86_64 0.1.0 49.00 OK
r-oldrel-windows-x86_64 0.1.0 11.00 80.00 91.00 OK

Check Details

Version: 0.1.0
Check: compiled code
Result: NOTE File ‘ConsReg/libs/ConsReg.so’: Found no calls to: ‘R_registerRoutines’, ‘R_useDynamicSymbols’ It is good practice to register native routines and to disable symbol search. See ‘Writing portable packages’ in the ‘Writing R Extensions’ manual. Flavors: r-devel-linux-x86_64-fedora-clang, r-devel-linux-x86_64-fedora-gcc