CRAN Package Check Results for Package ConfigParser

Last updated on 2024-07-22 09:49:01 CEST.

Flavor Version Tinstall Tcheck Ttotal Status Flags
r-devel-linux-x86_64-debian-clang 1.0.0 2.38 21.79 24.17 NOTE
r-devel-linux-x86_64-debian-gcc 1.0.0 2.43 16.88 19.31 NOTE
r-devel-linux-x86_64-fedora-clang 1.0.0 31.93 NOTE
r-devel-linux-x86_64-fedora-gcc 1.0.0 30.26 NOTE
r-devel-windows-x86_64 1.0.0 3.00 39.00 42.00 NOTE
r-patched-linux-x86_64 1.0.0 2.39 20.89 23.28 NOTE
r-release-linux-x86_64 1.0.0 2.52 21.56 24.08 NOTE
r-release-macos-arm64 1.0.0 14.00 NOTE
r-release-macos-x86_64 1.0.0 22.00 NOTE
r-release-windows-x86_64 1.0.0 3.00 39.00 42.00 NOTE
r-oldrel-macos-arm64 1.0.0 15.00 NOTE
r-oldrel-macos-x86_64 1.0.0 19.00 NOTE
r-oldrel-windows-x86_64 1.0.0 4.00 40.00 44.00 NOTE

Check Details

Version: 1.0.0
Check: LazyData
Result: NOTE 'LazyData' is specified without a 'data' directory Flavors: r-devel-linux-x86_64-debian-clang, r-devel-linux-x86_64-debian-gcc, r-devel-linux-x86_64-fedora-clang, r-devel-linux-x86_64-fedora-gcc, r-devel-windows-x86_64, r-patched-linux-x86_64, r-release-linux-x86_64, r-release-macos-arm64, r-release-macos-x86_64, r-release-windows-x86_64, r-oldrel-macos-arm64, r-oldrel-macos-x86_64, r-oldrel-windows-x86_64