CRAN Package Check Results for Package CondIndTests

Last updated on 2022-01-25 09:48:31 CET.

Flavor Version Tinstall Tcheck Ttotal Status Flags
r-devel-linux-x86_64-debian-clang 0.1.5 12.96 355.10 368.06 NOTE
r-devel-linux-x86_64-debian-gcc 0.1.5 10.45 325.33 335.78 NOTE
r-devel-linux-x86_64-fedora-clang 0.1.5 407.98 NOTE
r-devel-linux-x86_64-fedora-gcc 0.1.5 481.88 NOTE
r-devel-windows-x86_64-new-UL 0.1.5 79.00 395.00 474.00 NOTE
r-devel-windows-x86_64-new-TK 0.1.5 NOTE
r-patched-linux-x86_64 0.1.5 8.80 362.29 371.09 NOTE
r-release-linux-x86_64 0.1.5 10.22 328.96 339.18 NOTE
r-release-macos-arm64 0.1.5 NOTE
r-release-macos-x86_64 0.1.5 NOTE
r-release-windows-ix86+x86_64 0.1.5 24.00 414.00 438.00 NOTE
r-oldrel-macos-x86_64 0.1.5 OK
r-oldrel-windows-ix86+x86_64 0.1.5 24.00 433.00 457.00 OK

Check Details

Version: 0.1.5
Check: LazyData
Result: NOTE
     'LazyData' is specified without a 'data' directory
Flavors: r-devel-linux-x86_64-debian-clang, r-devel-linux-x86_64-debian-gcc, r-devel-linux-x86_64-fedora-clang, r-devel-linux-x86_64-fedora-gcc, r-devel-windows-x86_64-new-UL, r-devel-windows-x86_64-new-TK, r-patched-linux-x86_64, r-release-linux-x86_64, r-release-macos-arm64, r-release-macos-x86_64, r-release-windows-ix86+x86_64