Last updated on 2023-02-05 09:57:12 CET.
Flavor | Version | Tinstall | Tcheck | Ttotal | Status | Flags |
---|---|---|---|---|---|---|
r-devel-linux-x86_64-debian-clang | 0.2.6.2 | 12.08 | 126.79 | 138.87 | NOTE | |
r-devel-linux-x86_64-debian-gcc | 0.2.6.2 | 8.29 | 94.00 | 102.29 | NOTE | |
r-devel-linux-x86_64-fedora-clang | 0.2.6.2 | 178.59 | NOTE | |||
r-devel-linux-x86_64-fedora-gcc | 0.2.6.2 | 183.72 | NOTE | |||
r-devel-windows-x86_64 | 0.2.6.2 | 87.00 | 152.00 | 239.00 | NOTE | |
r-patched-linux-x86_64 | 0.2.6.2 | 12.11 | 118.81 | 130.92 | NOTE | |
r-release-linux-x86_64 | 0.2.6.2 | 7.31 | 120.25 | 127.56 | NOTE | |
r-release-macos-arm64 | 0.2.6.2 | 38.00 | NOTE | |||
r-release-macos-x86_64 | 0.2.6.2 | 63.00 | NOTE | |||
r-release-windows-x86_64 | 0.2.6.2 | 146.00 | 152.00 | 298.00 | NOTE | |
r-oldrel-macos-arm64 | 0.2.6.2 | 42.00 | NOTE | |||
r-oldrel-macos-x86_64 | 0.2.6.2 | 91.00 | NOTE | |||
r-oldrel-windows-ix86+x86_64 | 0.2.6.2 | 23.00 | 146.00 | 169.00 | OK |
Version: 0.2.6.2
Check: package dependencies
Result: NOTE
Package suggested but not available for checking: ‘CAM’
Flavors: r-devel-linux-x86_64-debian-clang, r-devel-linux-x86_64-debian-gcc, r-devel-linux-x86_64-fedora-clang, r-devel-linux-x86_64-fedora-gcc, r-devel-windows-x86_64, r-patched-linux-x86_64, r-release-linux-x86_64, r-release-macos-x86_64, r-release-windows-x86_64, r-oldrel-macos-x86_64
Version: 0.2.6.2
Check: package dependencies
Result: NOTE
Packages suggested but not available for checking: 'pcalg', 'CAM'
Flavors: r-release-macos-arm64, r-oldrel-macos-arm64