CRAN Package Check Results for Package CompDist

Last updated on 2023-09-29 10:51:51 CEST.

Flavor Version Tinstall Tcheck Ttotal Status Flags
r-devel-linux-x86_64-debian-clang 1.0 3.46 29.45 32.91 OK
r-devel-linux-x86_64-debian-gcc 1.0 2.63 22.71 25.34 OK
r-devel-linux-x86_64-fedora-clang 1.0 41.13 NOTE
r-devel-linux-x86_64-fedora-gcc 1.0 42.40 NOTE
r-devel-windows-x86_64 1.0 5.00 51.00 56.00 OK
r-patched-linux-x86_64 1.0 2.64 29.64 32.28 OK
r-release-linux-x86_64 1.0 3.23 29.40 32.63 OK
r-release-macos-arm64 1.0 17.00 OK
r-release-macos-x86_64 1.0 23.00 OK
r-release-windows-x86_64 1.0 5.00 49.00 54.00 OK
r-oldrel-macos-arm64 1.0 14.00 NOTE
r-oldrel-macos-x86_64 1.0 24.00 NOTE
r-oldrel-windows-x86_64 1.0 5.00 52.00 57.00 OK

Check Details

Version: 1.0
Check: dependencies in R code
Result: NOTE
    Namespaces in Imports field not imported from:
     ‘PearsonDS’ ‘VGAM’ ‘actuar’ ‘fExtremes’ ‘rmutil’
     All declared Imports should be used.
Flavors: r-devel-linux-x86_64-fedora-clang, r-devel-linux-x86_64-fedora-gcc, r-oldrel-macos-arm64, r-oldrel-macos-x86_64