CRAN Package Check Results for Package CoTiMA

Last updated on 2023-05-31 09:56:36 CEST.

Flavor Version Tinstall Tcheck Ttotal Status Flags
r-devel-linux-x86_64-debian-clang 0.6.2 44.37 262.85 307.22 OK
r-devel-linux-x86_64-debian-gcc 0.6.2 36.05 194.67 230.72 OK
r-devel-linux-x86_64-fedora-clang 0.6.2 385.55 NOTE
r-devel-linux-x86_64-fedora-gcc 0.6.2 375.32 NOTE
r-devel-windows-x86_64 0.6.2 40.00 213.00 253.00 OK
r-patched-linux-x86_64 0.6.2 48.58 247.77 296.35 OK
r-release-linux-x86_64 0.6.2 39.41 243.73 283.14 OK
r-release-macos-arm64 0.6.2 115.00 NOTE
r-release-macos-x86_64 0.6.2 158.00 NOTE
r-release-windows-x86_64 0.6.2 53.00 258.00 311.00 OK
r-oldrel-macos-arm64 0.6.2 84.00 NOTE
r-oldrel-macos-x86_64 0.6.2 147.00 NOTE
r-oldrel-windows-x86_64 0.6.2 58.00 264.00 322.00 OK

Check Details

Version: 0.6.2
Check: data for non-ASCII characters
Result: NOTE
     Note: found 59 marked UTF-8 strings
Flavors: r-devel-linux-x86_64-fedora-clang, r-devel-linux-x86_64-fedora-gcc, r-oldrel-macos-arm64, r-oldrel-macos-x86_64

Version: 0.6.2
Check: installed package size
Result: NOTE
     installed size is 5.8Mb
     sub-directories of 1Mb or more:
     data 4.4Mb
Flavors: r-release-macos-arm64, r-release-macos-x86_64, r-oldrel-macos-arm64