CRAN Package Check Results for Package Cluster.OBeu

Last updated on 2022-01-24 10:51:52 CET.

Flavor Version Tinstall Tcheck Ttotal Status Flags
r-devel-linux-x86_64-debian-clang 1.2.3 2.53 41.80 44.33 OK
r-devel-linux-x86_64-debian-gcc 1.2.3 2.14 32.57 34.71 OK
r-devel-linux-x86_64-fedora-clang 1.2.3 55.98 OK
r-devel-linux-x86_64-fedora-gcc 1.2.3 43.08 OK
r-devel-windows-x86_64-new-UL 1.2.3 28.00 75.00 103.00 OK
r-devel-windows-x86_64-new-TK 1.2.3 ERROR
r-patched-linux-x86_64 1.2.3 2.38 40.69 43.07 OK
r-release-linux-x86_64 1.2.3 2.09 39.77 41.86 OK
r-release-macos-arm64 1.2.3 OK
r-release-macos-x86_64 1.2.3 OK
r-release-windows-ix86+x86_64 1.2.3 9.00 54.00 63.00 OK
r-oldrel-macos-x86_64 1.2.3 OK
r-oldrel-windows-ix86+x86_64 1.2.3 9.00 52.00 61.00 OK

Check Details

Version: 1.2.3
Check: package dependencies
Result: ERROR
    Package required but not available: 'car'
    
    See section 'The DESCRIPTION file' in the 'Writing R Extensions'
    manual.
Flavor: r-devel-windows-x86_64-new-TK