CRAN Package Check Results for Package ChoiceModelR

Last updated on 2022-12-01 09:55:04 CET.

Flavor Version Tinstall Tcheck Ttotal Status Flags
r-devel-linux-x86_64-debian-clang 1.3.0 3.09 57.30 60.39 NOTE
r-devel-linux-x86_64-debian-gcc 1.3.0 2.99 41.50 44.49 NOTE
r-devel-linux-x86_64-fedora-clang 1.3.0 88.84 NOTE
r-devel-linux-x86_64-fedora-gcc 1.3.0 80.87 NOTE
r-devel-windows-x86_64 1.3.0 18.00 91.00 109.00 NOTE
r-patched-linux-x86_64 1.3.0 3.60 54.01 57.61 OK
r-release-linux-x86_64 1.3.0 3.09 54.63 57.72 OK
r-release-macos-arm64 1.3.0 63.00 OK
r-release-macos-x86_64 1.3.0 40.00 OK
r-release-windows-x86_64 1.3.0 19.00 89.00 108.00 OK
r-oldrel-macos-arm64 1.3.0 63.00 OK
r-oldrel-macos-x86_64 1.3.0 38.00 OK
r-oldrel-windows-ix86+x86_64 1.3.0 7.00 86.00 93.00 OK

Check Details

Version: 1.3.0
Check: package subdirectories
Result: NOTE
    Problems with news in 'NEWS.md':
    No news entries found.
Flavors: r-devel-linux-x86_64-debian-clang, r-devel-linux-x86_64-debian-gcc, r-devel-linux-x86_64-fedora-clang, r-devel-linux-x86_64-fedora-gcc, r-devel-windows-x86_64