CRAN Package Check Results for Package Census2016

Last updated on 2022-12-02 10:51:22 CET.

Flavor Version Tinstall Tcheck Ttotal Status Flags
r-devel-linux-x86_64-debian-clang 0.2.0 9.61 49.05 58.66 OK
r-devel-linux-x86_64-debian-gcc 0.2.0 8.12 37.37 45.49 OK
r-devel-linux-x86_64-fedora-clang 0.2.0 86.28 NOTE
r-devel-linux-x86_64-fedora-gcc 0.2.0 97.08 NOTE
r-devel-windows-x86_64 0.2.0 29.00 94.00 123.00 OK
r-patched-linux-x86_64 0.2.0 10.34 46.46 56.80 OK
r-release-linux-x86_64 0.2.0 10.24 46.22 56.46 OK
r-release-macos-arm64 0.2.0 30.00 NOTE
r-release-macos-x86_64 0.2.0 36.00 NOTE
r-release-windows-x86_64 0.2.0 28.00 114.00 142.00 OK
r-oldrel-macos-arm64 0.2.0 31.00 NOTE
r-oldrel-macos-x86_64 0.2.0 48.00 NOTE
r-oldrel-windows-ix86+x86_64 0.2.0 16.00 104.00 120.00 WARN

Check Details

Version: 0.2.0
Check: dependencies in R code
Result: NOTE
    Namespace in Imports field not imported from: ‘data.table’
     All declared Imports should be used.
Flavors: r-devel-linux-x86_64-fedora-clang, r-devel-linux-x86_64-fedora-gcc, r-release-macos-arm64, r-release-macos-x86_64, r-oldrel-macos-arm64, r-oldrel-macos-x86_64

Version: 0.2.0
Check: for unstated dependencies in ‘tests’
Result: WARN
    Warning: unable to access index for repository https://bioconductor.org/packages/3.14/bioc/src/contrib:
     cannot open URL 'https://bioconductor.org/packages/3.14/bioc/src/contrib/PACKAGES'
    Warning: unable to access index for repository https://bioconductor.org/packages/3.14/data/annotation/src/contrib:
     cannot open URL 'https://bioconductor.org/packages/3.14/data/annotation/src/contrib/PACKAGES'
    Warning: unable to access index for repository https://bioconductor.org/packages/3.14/data/experiment/src/contrib:
     cannot open URL 'https://bioconductor.org/packages/3.14/data/experiment/src/contrib/PACKAGES'
Flavor: r-oldrel-windows-ix86+x86_64