CRAN Package Check Results for Package CensSpatial

Last updated on 2022-12-03 10:51:16 CET.

Flavor Version Tinstall Tcheck Ttotal Status Flags
r-devel-linux-x86_64-debian-clang 3.0 44.49 382.77 427.26 OK
r-devel-linux-x86_64-debian-gcc 3.0 38.01 283.55 321.56 OK
r-devel-linux-x86_64-fedora-clang 3.0 575.94 NOTE
r-devel-linux-x86_64-fedora-gcc 3.0 578.67 NOTE
r-devel-windows-x86_64 3.0 54.00 347.00 401.00 OK
r-patched-linux-x86_64 3.0 66.11 450.50 516.61 OK
r-release-linux-x86_64 3.0 66.65 449.50 516.15 OK
r-release-macos-arm64 3.0 263.00 NOTE
r-release-macos-x86_64 3.0 452.00 NOTE
r-release-windows-x86_64 3.0 49.00 391.00 440.00 OK
r-oldrel-macos-arm64 3.0 133.00 NOTE
r-oldrel-macos-x86_64 3.0 228.00 NOTE
r-oldrel-windows-ix86+x86_64 3.0 83.00 359.00 442.00 OK

Check Details

Version: 3.0
Check: dependencies in R code
Result: NOTE
    Namespace in Imports field not imported from: ‘Rcpp’
     All declared Imports should be used.
Flavors: r-devel-linux-x86_64-fedora-clang, r-devel-linux-x86_64-fedora-gcc, r-release-macos-arm64, r-release-macos-x86_64, r-oldrel-macos-arm64, r-oldrel-macos-x86_64