Last updated on 2023-03-20 09:49:22 CET.
Flavor | Version | Tinstall | Tcheck | Ttotal | Status | Flags |
---|---|---|---|---|---|---|
r-devel-linux-x86_64-debian-clang | 0.1.1 | OK | ||||
r-devel-linux-x86_64-debian-gcc | 0.1.1 | 11.21 | 121.52 | 132.73 | OK | |
r-devel-linux-x86_64-fedora-clang | 0.1.1 | 222.18 | OK | |||
r-devel-linux-x86_64-fedora-gcc | 0.1.1 | 214.94 | OK | |||
r-devel-windows-x86_64 | 0.1.1 | 34.00 | 184.00 | 218.00 | OK | |
r-patched-linux-x86_64 | 0.1.1 | 11.65 | 150.60 | 162.25 | OK | |
r-release-linux-x86_64 | 0.1.1 | 12.95 | 153.44 | 166.39 | OK | |
r-release-macos-arm64 | 0.1.1 | 57.00 | OK | |||
r-release-macos-x86_64 | 0.1.1 | 120.00 | OK | |||
r-release-windows-x86_64 | 0.1.1 | 25.00 | 178.00 | 203.00 | OK | |
r-oldrel-macos-arm64 | 0.1.1 | 64.00 | OK | |||
r-oldrel-macos-x86_64 | 0.1.1 | 79.00 | OK | |||
r-oldrel-windows-ix86+x86_64 | 0.1.1 | 32.00 | 176.00 | 208.00 | NOTE |
Version: 0.1.1
Check: R code for possible problems
Result: NOTE
Initiating curl with CURL_SSL_BACKEND: openssl
Flavor: r-oldrel-windows-ix86+x86_64