CRAN Package Check Results for Package CausalKinetiX

Last updated on 2022-12-02 10:51:22 CET.

Flavor Version Tinstall Tcheck Ttotal Status Flags
r-devel-linux-x86_64-debian-clang 0.2.1 11.53 113.89 125.42 NOTE
r-devel-linux-x86_64-debian-gcc 0.2.1 10.13 84.91 95.04 NOTE
r-devel-linux-x86_64-fedora-clang 0.2.1 172.01 NOTE
r-devel-linux-x86_64-fedora-gcc 0.2.1 159.75 NOTE
r-devel-windows-x86_64 0.2.1 29.00 140.00 169.00 NOTE
r-patched-linux-x86_64 0.2.1 10.91 107.53 118.44 NOTE
r-release-linux-x86_64 0.2.1 12.98 105.77 118.75 NOTE
r-release-macos-arm64 0.2.1 45.00 NOTE
r-release-macos-x86_64 0.2.1 72.00 NOTE
r-release-windows-x86_64 0.2.1 25.00 144.00 169.00 NOTE
r-oldrel-macos-arm64 0.2.1 46.00 NOTE
r-oldrel-macos-x86_64 0.2.1 72.00 NOTE
r-oldrel-windows-ix86+x86_64 0.2.1 27.00 134.00 161.00 NOTE

Check Details

Version: 0.2.1
Check: LazyData
Result: NOTE
     'LazyData' is specified without a 'data' directory
Flavors: r-devel-linux-x86_64-debian-clang, r-devel-linux-x86_64-debian-gcc, r-devel-linux-x86_64-fedora-clang, r-devel-linux-x86_64-fedora-gcc, r-devel-windows-x86_64, r-patched-linux-x86_64, r-release-linux-x86_64, r-release-macos-arm64, r-release-macos-x86_64, r-release-windows-x86_64, r-oldrel-macos-arm64, r-oldrel-macos-x86_64, r-oldrel-windows-ix86+x86_64