CRAN Package Check Results for Package Cairo

Last updated on 2022-11-26 10:00:38 CET.

Flavor Version Tinstall Tcheck Ttotal Status Flags
r-devel-linux-x86_64-debian-clang 1.6-0 10.03 27.88 37.91 WARN
r-devel-linux-x86_64-debian-gcc 1.6-0 7.01 21.92 28.93 WARN
r-devel-linux-x86_64-fedora-clang 1.6-0 59.79 WARN
r-devel-windows-x86_64 1.6-0 30.00 89.00 119.00 NOTE
r-patched-linux-x86_64 1.6-0 OK
r-release-linux-x86_64 1.6-0 7.60 27.04 34.64 OK
r-release-macos-arm64 1.6-0 40.00 NOTE
r-release-macos-x86_64 1.6-0 59.00 NOTE
r-release-windows-x86_64 1.6-0 24.00 79.00 103.00 NOTE
r-oldrel-macos-arm64 1.6-0 37.00 NOTE
r-oldrel-macos-x86_64 1.6-0 62.00 NOTE
r-oldrel-windows-ix86+x86_64 1.6-0 34.00 55.00 89.00 OK

Check Details

Version: 1.6-0
Check: whether package can be installed
Result: WARN
    Found the following significant warnings:
     cairobem.c:50:28: warning: a function declaration without a prototype is deprecated in all versions of C [-Wstrict-prototypes]
     ./Rapi.h:9:23: warning: a function declaration without a prototype is deprecated in all versions of C [-Wstrict-prototypes]
     ./Rapi.h:11:28: warning: a function declaration without a prototype is deprecated in all versions of C [-Wstrict-prototypes]
     cairotalk.c:661:38: warning: a function declaration without a prototype is deprecated in all versions of C [-Wstrict-prototypes]
     cairotalk.c:1552:38: warning: a function declaration without a prototype is deprecated in all versions of C [-Wstrict-prototypes]
     cairotalk.c:1588:23: warning: a function declaration without a prototype is deprecated in all versions of C [-Wstrict-prototypes]
     xlib-backend.c:156:29: warning: a function declaration without a prototype is deprecated in all versions of C [-Wstrict-prototypes]
Flavors: r-devel-linux-x86_64-debian-clang, r-devel-linux-x86_64-fedora-clang

Version: 1.6-0
Check: whether package can be installed
Result: WARN
    Found the following significant warnings:
     cairobem.c:50:6: warning: function declaration isn’t a prototype [-Wstrict-prototypes]
     Rapi.h:9:1: warning: function declaration isn’t a prototype [-Wstrict-prototypes]
     Rapi.h:11:1: warning: function declaration isn’t a prototype [-Wstrict-prototypes]
     cairotalk.c:661:23: warning: function declaration isn’t a prototype [-Wstrict-prototypes]
     cairotalk.c:1552:6: warning: function declaration isn’t a prototype [-Wstrict-prototypes]
     cairotalk.c:1588:6: warning: function declaration isn’t a prototype [-Wstrict-prototypes]
     xlib-backend.c:156:13: warning: function declaration isn’t a prototype [-Wstrict-prototypes]
Flavor: r-devel-linux-x86_64-debian-gcc

Version: 1.6-0
Check: installed package size
Result: NOTE
     installed size is 7.0Mb
     sub-directories of 1Mb or more:
     libs 6.9Mb
Flavors: r-devel-windows-x86_64, r-release-macos-arm64, r-release-macos-x86_64, r-release-windows-x86_64, r-oldrel-macos-arm64, r-oldrel-macos-x86_64