CRAN Package Check Results for Package CVXR

Last updated on 2022-05-18 09:53:59 CEST.

Flavor Version Tinstall Tcheck Ttotal Status Flags
r-devel-linux-x86_64-debian-clang 1.0-10 175.51 347.46 522.97 NOTE
r-devel-linux-x86_64-debian-gcc 1.0-10 142.26 257.53 399.79 NOTE
r-devel-linux-x86_64-fedora-clang 1.0-10 655.37 NOTE
r-devel-linux-x86_64-fedora-gcc 1.0-10 630.77 NOTE
r-devel-windows-x86_64 1.0-10 322.00 426.00 748.00 NOTE
r-patched-linux-x86_64 1.0-10 145.95 331.28 477.23 NOTE
r-release-linux-x86_64 1.0-10 154.63 328.76 483.39 NOTE
r-release-macos-arm64 1.0-10 132.00 NOTE
r-release-macos-x86_64 1.0-10 235.00 NOTE
r-release-windows-x86_64 1.0-10 351.00 408.00 759.00 NOTE
r-oldrel-macos-arm64 1.0-10 155.00 NOTE
r-oldrel-macos-x86_64 1.0-10 221.00 NOTE
r-oldrel-windows-ix86+x86_64 1.0-10 361.00 575.00 936.00 NOTE

Check Details

Version: 1.0-10
Check: package dependencies
Result: NOTE
    Packages which this enhances but not available for checking:
     'gurobi', 'rcbc'
Flavors: r-devel-linux-x86_64-debian-clang, r-devel-linux-x86_64-debian-gcc, r-patched-linux-x86_64, r-release-linux-x86_64

Version: 1.0-10
Check: package dependencies
Result: NOTE
    Packages which this enhances but not available for checking:
     'Rcplex', 'gurobi', 'rcbc'
Flavors: r-devel-linux-x86_64-fedora-clang, r-devel-linux-x86_64-fedora-gcc, r-devel-windows-x86_64, r-release-macos-arm64, r-release-macos-x86_64, r-release-windows-x86_64, r-oldrel-macos-arm64, r-oldrel-macos-x86_64, r-oldrel-windows-ix86+x86_64

Version: 1.0-10
Check: installed package size
Result: NOTE
     installed size is 9.1Mb
     sub-directories of 1Mb or more:
     R 2.7Mb
     doc 1.2Mb
     help 1.0Mb
     libs 3.7Mb
Flavors: r-devel-linux-x86_64-fedora-clang, r-devel-windows-x86_64, r-release-macos-arm64, r-release-macos-x86_64, r-release-windows-x86_64, r-oldrel-macos-arm64, r-oldrel-macos-x86_64, r-oldrel-windows-ix86+x86_64