CRAN Package Check Results for Package CVEK

Last updated on 2022-11-29 09:52:12 CET.

Flavor Version Tinstall Tcheck Ttotal Status Flags
r-devel-linux-x86_64-debian-clang 0.1-2 2.82 456.52 459.34 NOTE
r-devel-linux-x86_64-debian-gcc 0.1-2 2.78 334.82 337.60 NOTE
r-devel-linux-x86_64-fedora-clang 0.1-2 568.53 NOTE
r-devel-linux-x86_64-fedora-gcc 0.1-2 547.33 NOTE
r-devel-windows-x86_64 0.1-2 28.00 478.00 506.00 NOTE
r-patched-linux-x86_64 0.1-2 3.91 442.51 446.42 NOTE
r-release-linux-x86_64 0.1-2 3.36 428.52 431.88 NOTE
r-release-macos-arm64 0.1-2 165.00 NOTE
r-release-macos-x86_64 0.1-2 203.00 NOTE
r-release-windows-x86_64 0.1-2 25.00 467.00 492.00 NOTE
r-oldrel-macos-arm64 0.1-2 193.00 NOTE
r-oldrel-macos-x86_64 0.1-2 341.00 NOTE
r-oldrel-windows-ix86+x86_64 0.1-2 8.00 516.00 524.00 NOTE

Check Details

Version: 0.1-2
Check: LazyData
Result: NOTE
     'LazyData' is specified without a 'data' directory
Flavors: r-devel-linux-x86_64-debian-clang, r-devel-linux-x86_64-debian-gcc, r-devel-linux-x86_64-fedora-clang, r-devel-linux-x86_64-fedora-gcc, r-devel-windows-x86_64, r-patched-linux-x86_64, r-release-linux-x86_64, r-release-macos-arm64, r-release-macos-x86_64, r-release-windows-x86_64, r-oldrel-macos-arm64, r-oldrel-macos-x86_64, r-oldrel-windows-ix86+x86_64