CRAN Package Check Results for Package CTM

Last updated on 2023-02-08 09:56:06 CET.

Flavor Version Tinstall Tcheck Ttotal Status Flags
r-devel-linux-x86_64-debian-clang 0.2 2.52 32.64 35.16 NOTE
r-devel-linux-x86_64-debian-gcc 0.2 2.20 25.23 27.43 NOTE
r-devel-linux-x86_64-fedora-clang 0.2 42.73 NOTE
r-devel-linux-x86_64-fedora-gcc 0.2 45.30 NOTE
r-devel-windows-x86_64 0.2 8.00 59.00 67.00 NOTE
r-patched-linux-x86_64 0.2 2.85 32.46 35.31 NOTE
r-release-linux-x86_64 0.2 2.85 31.51 34.36 NOTE
r-release-macos-arm64 0.2 21.00 NOTE
r-release-macos-x86_64 0.2 24.00 NOTE
r-release-windows-x86_64 0.2 7.00 66.00 73.00 NOTE
r-oldrel-macos-arm64 0.2 23.00 NOTE
r-oldrel-macos-x86_64 0.2 34.00 NOTE
r-oldrel-windows-ix86+x86_64 0.2 7.00 60.00 67.00 NOTE

Check Details

Version: 0.2
Check: LazyData
Result: NOTE
     'LazyData' is specified without a 'data' directory
Flavors: r-devel-linux-x86_64-debian-clang, r-devel-linux-x86_64-debian-gcc, r-devel-linux-x86_64-fedora-clang, r-devel-linux-x86_64-fedora-gcc, r-devel-windows-x86_64, r-patched-linux-x86_64, r-release-linux-x86_64, r-release-macos-arm64, r-release-macos-x86_64, r-release-windows-x86_64, r-oldrel-macos-arm64, r-oldrel-macos-x86_64, r-oldrel-windows-ix86+x86_64