CRAN Package Check Results for Package CSHShydRology

Last updated on 2022-12-02 10:51:23 CET.

Flavor Version Tinstall Tcheck Ttotal Status Flags
r-devel-linux-x86_64-debian-clang 1.3.0 44.38 485.78 530.16 OK
r-devel-linux-x86_64-debian-gcc 1.3.0 38.01 347.14 385.15 OK
r-devel-linux-x86_64-fedora-clang 1.3.0 656.15 NOTE
r-devel-linux-x86_64-fedora-gcc 1.3.0 670.82 NOTE
r-devel-windows-x86_64 1.3.0 115.00 515.00 630.00 OK
r-patched-linux-x86_64 1.3.0 36.14 449.93 486.07 OK
r-release-linux-x86_64 1.3.0 31.73 449.40 481.13 OK
r-release-macos-arm64 1.3.0 162.00 NOTE
r-release-macos-x86_64 1.3.0 189.00 NOTE
r-release-windows-x86_64 1.3.0 173.00 501.00 674.00 OK
r-oldrel-macos-arm64 1.3.0 135.00 NOTE
r-oldrel-macos-x86_64 1.3.0 183.00 NOTE
r-oldrel-windows-ix86+x86_64 1.3.0 91.00 512.00 603.00 OK

Check Details

Version: 1.3.0
Check: data for non-ASCII characters
Result: NOTE
     Note: found 282 marked UTF-8 strings
Flavors: r-devel-linux-x86_64-fedora-clang, r-devel-linux-x86_64-fedora-gcc, r-release-macos-arm64, r-release-macos-x86_64, r-oldrel-macos-arm64, r-oldrel-macos-x86_64