CRAN Package Check Results for Package CSFA

Last updated on 2022-01-25 09:48:31 CET.

Flavor Version Tinstall Tcheck Ttotal Status Flags
r-devel-linux-x86_64-debian-clang 1.2.0 12.28 134.15 146.43 OK
r-devel-linux-x86_64-debian-gcc 1.2.0 10.74 113.36 124.10 OK
r-devel-linux-x86_64-fedora-clang 1.2.0 185.66 OK
r-devel-linux-x86_64-fedora-gcc 1.2.0 176.43 OK
r-devel-windows-x86_64-new-UL 1.2.0 38.00 166.00 204.00 OK
r-devel-windows-x86_64-new-TK 1.2.0 ERROR
r-patched-linux-x86_64 1.2.0 12.02 123.96 135.98 OK
r-release-linux-x86_64 1.2.0 12.46 123.74 136.20 OK
r-release-macos-arm64 1.2.0 OK
r-release-macos-x86_64 1.2.0 OK
r-release-windows-ix86+x86_64 1.2.0 31.00 156.00 187.00 OK
r-oldrel-macos-x86_64 1.2.0 OK
r-oldrel-windows-ix86+x86_64 1.2.0 32.00 158.00 190.00 OK

Check Details

Version: 1.2.0
Check: package dependencies
Result: ERROR
    Package required but not available: 'FactoMineR'
    
    See section 'The DESCRIPTION file' in the 'Writing R Extensions'
    manual.
Flavor: r-devel-windows-x86_64-new-TK