CRAN Package Check Results for Package CRM

Last updated on 2023-05-29 09:55:51 CEST.

Flavor Version Tinstall Tcheck Ttotal Status Flags
r-devel-linux-x86_64-debian-clang 1.2.4 3.18 23.46 26.64 OK
r-devel-linux-x86_64-debian-gcc 1.2.4 2.65 18.88 21.53 OK
r-devel-linux-x86_64-fedora-clang 1.2.4 34.82 NOTE
r-devel-linux-x86_64-fedora-gcc 1.2.4 34.27 NOTE
r-devel-windows-x86_64 1.2.4 7.00 39.00 46.00 OK
r-patched-linux-x86_64 1.2.4 4.07 23.18 27.25 OK
r-release-linux-x86_64 1.2.4 3.37 23.26 26.63 OK
r-release-macos-arm64 1.2.4 19.00 OK
r-release-macos-x86_64 1.2.4 24.00 OK
r-release-windows-x86_64 1.2.4 9.00 45.00 54.00 OK
r-oldrel-macos-arm64 1.2.4 16.00 OK
r-oldrel-macos-x86_64 1.2.4 21.00 OK
r-oldrel-windows-x86_64 1.2.4 9.00 47.00 56.00 OK

Check Details

Version: 1.2.4
Check: top-level files
Result: NOTE
    ‘cleanup’: /bin/bash is not portable
Flavors: r-devel-linux-x86_64-fedora-clang, r-devel-linux-x86_64-fedora-gcc