CRAN Package Check Results for Package CREAM

Last updated on 2022-11-26 10:00:39 CET.

Flavor Version Tinstall Tcheck Ttotal Status Flags
r-devel-linux-x86_64-debian-clang 1.1.1 2.24 27.21 29.45 NOTE
r-devel-linux-x86_64-debian-gcc 1.1.1 1.80 21.41 23.21 NOTE
r-devel-linux-x86_64-fedora-clang 1.1.1 48.96 NOTE
r-devel-windows-x86_64 1.1.1 14.00 63.00 77.00 NOTE
r-patched-linux-x86_64 1.1.1 NOTE
r-release-linux-x86_64 1.1.1 2.06 26.27 28.33 NOTE
r-release-macos-arm64 1.1.1 17.00 NOTE
r-release-macos-x86_64 1.1.1 22.00 NOTE
r-release-windows-x86_64 1.1.1 11.00 62.00 73.00 NOTE
r-oldrel-macos-arm64 1.1.1 25.00 NOTE
r-oldrel-macos-x86_64 1.1.1 28.00 NOTE
r-oldrel-windows-ix86+x86_64 1.1.1 5.00 51.00 56.00 NOTE

Check Details

Version: 1.1.1
Check: LazyData
Result: NOTE
     'LazyData' is specified without a 'data' directory
Flavors: r-devel-linux-x86_64-debian-clang, r-devel-linux-x86_64-debian-gcc, r-devel-linux-x86_64-fedora-clang, r-devel-windows-x86_64, r-patched-linux-x86_64, r-release-linux-x86_64, r-release-macos-arm64, r-release-macos-x86_64, r-release-windows-x86_64, r-oldrel-macos-arm64, r-oldrel-macos-x86_64, r-oldrel-windows-ix86+x86_64