CRAN Package Check Results for Package CKAT

Last updated on 2023-03-22 09:54:04 CET.

Flavor Version Tinstall Tcheck Ttotal Status Flags
r-devel-linux-x86_64-debian-clang 0.1.0 2.08 24.66 26.74 NOTE
r-devel-linux-x86_64-debian-gcc 0.1.0 2.06 19.44 21.50 NOTE
r-devel-linux-x86_64-fedora-clang 0.1.0 35.52 NOTE
r-devel-linux-x86_64-fedora-gcc 0.1.0 33.05 NOTE
r-devel-windows-x86_64 0.1.0 10.00 50.00 60.00 NOTE
r-patched-linux-x86_64 0.1.0 2.19 26.17 28.36 NOTE
r-release-linux-x86_64 0.1.0 2.49 26.15 28.64 NOTE
r-release-macos-arm64 0.1.0 15.00 NOTE
r-release-macos-x86_64 0.1.0 21.00 NOTE
r-release-windows-x86_64 0.1.0 5.00 49.00 54.00 NOTE
r-oldrel-macos-arm64 0.1.0 22.00 NOTE
r-oldrel-macos-x86_64 0.1.0 27.00 NOTE
r-oldrel-windows-ix86+x86_64 0.1.0 6.00 39.00 45.00 NOTE

Check Details

Version: 0.1.0
Check: LazyData
Result: NOTE
     'LazyData' is specified without a 'data' directory
Flavors: r-devel-linux-x86_64-debian-clang, r-devel-linux-x86_64-debian-gcc, r-devel-linux-x86_64-fedora-clang, r-devel-linux-x86_64-fedora-gcc, r-devel-windows-x86_64, r-patched-linux-x86_64, r-release-linux-x86_64, r-release-macos-arm64, r-release-macos-x86_64, r-release-windows-x86_64, r-oldrel-macos-arm64, r-oldrel-macos-x86_64, r-oldrel-windows-ix86+x86_64