CRAN Package Check Results for Package CIplot

Last updated on 2022-07-06 09:52:52 CEST.

Flavor Version Tinstall Tcheck Ttotal Status Flags
r-devel-linux-x86_64-debian-clang 1.0 6.62 63.36 69.98 NOTE
r-devel-linux-x86_64-debian-gcc 1.0 4.91 49.38 54.29 NOTE
r-devel-linux-x86_64-fedora-clang 1.0 98.19 NOTE
r-devel-linux-x86_64-fedora-gcc 1.0 96.71 NOTE
r-devel-windows-x86_64 1.0 11.00 89.00 100.00 NOTE
r-patched-linux-x86_64 1.0 8.50 65.35 73.85 NOTE
r-release-linux-x86_64 1.0 8.08 63.08 71.16 NOTE
r-release-macos-arm64 1.0 28.00 NOTE
r-release-macos-x86_64 1.0 40.00 NOTE
r-release-windows-x86_64 1.0 14.00 88.00 102.00 NOTE
r-oldrel-macos-arm64 1.0 35.00 NOTE
r-oldrel-macos-x86_64 1.0 44.00 NOTE
r-oldrel-windows-ix86+x86_64 1.0 16.00 87.00 103.00 OK

Check Details

Version: 1.0
Check: package dependencies
Result: NOTE
    Package suggested but not available for checking: 'userfriendlyscience'
Flavors: r-devel-linux-x86_64-debian-clang, r-devel-linux-x86_64-debian-gcc, r-devel-linux-x86_64-fedora-clang, r-devel-linux-x86_64-fedora-gcc, r-devel-windows-x86_64, r-patched-linux-x86_64, r-release-linux-x86_64, r-release-macos-arm64, r-release-macos-x86_64, r-release-windows-x86_64, r-oldrel-macos-arm64, r-oldrel-macos-x86_64