Last updated on 2023-03-24 10:54:02 CET.
Flavor | Version | Tinstall | Tcheck | Ttotal | Status | Flags |
---|---|---|---|---|---|---|
r-devel-linux-x86_64-debian-clang | 0.1.1 | 3.77 | 63.42 | 67.19 | NOTE | |
r-devel-linux-x86_64-debian-gcc | 0.1.1 | 2.35 | 48.51 | 50.86 | NOTE | |
r-devel-linux-x86_64-fedora-clang | 0.1.1 | 88.84 | NOTE | |||
r-devel-linux-x86_64-fedora-gcc | 0.1.1 | 91.89 | NOTE | |||
r-devel-windows-x86_64 | 0.1.1 | 13.00 | 101.00 | 114.00 | NOTE | |
r-patched-linux-x86_64 | 0.1.1 | 3.48 | 60.84 | 64.32 | NOTE | |
r-release-linux-x86_64 | 0.1.1 | 3.27 | 60.21 | 63.48 | NOTE | |
r-release-macos-arm64 | 0.1.1 | 29.00 | NOTE | |||
r-release-macos-x86_64 | 0.1.1 | 37.00 | NOTE | |||
r-release-windows-x86_64 | 0.1.1 | 21.00 | 93.00 | 114.00 | NOTE | |
r-oldrel-macos-arm64 | 0.1.1 | 28.00 | NOTE | |||
r-oldrel-macos-x86_64 | 0.1.1 | 50.00 | NOTE | |||
r-oldrel-windows-ix86+x86_64 | 0.1.1 | 8.00 | 95.00 | 103.00 | NOTE |
Version: 0.1.1
Check: LazyData
Result: NOTE
'LazyData' is specified without a 'data' directory
Flavors: r-devel-linux-x86_64-debian-clang, r-devel-linux-x86_64-debian-gcc, r-devel-linux-x86_64-fedora-clang, r-devel-linux-x86_64-fedora-gcc, r-devel-windows-x86_64, r-patched-linux-x86_64, r-release-linux-x86_64, r-release-macos-arm64, r-release-macos-x86_64, r-release-windows-x86_64, r-oldrel-macos-arm64, r-oldrel-macos-x86_64, r-oldrel-windows-ix86+x86_64