CRAN Package Check Results for Package CARlasso

Last updated on 2022-12-04 09:55:13 CET.

Flavor Version Tinstall Tcheck Ttotal Status Flags
r-devel-linux-x86_64-debian-clang 0.1.2 329.05 135.34 464.39 OK
r-devel-linux-x86_64-debian-gcc 0.1.2 245.13 101.42 346.55 OK
r-devel-linux-x86_64-fedora-clang 0.1.2 734.64 OK
r-devel-linux-x86_64-fedora-gcc 0.1.2 661.33 OK
r-devel-windows-x86_64 0.1.2 233.00 191.00 424.00 OK
r-patched-linux-x86_64 0.1.2 183.76 125.07 308.83 OK
r-release-linux-x86_64 0.1.2 205.03 122.55 327.58 OK
r-release-macos-arm64 0.1.2 130.00 NOTE
r-release-macos-x86_64 0.1.2 215.00 NOTE
r-release-windows-x86_64 0.1.2 241.00 187.00 428.00 OK
r-oldrel-macos-arm64 0.1.2 147.00 NOTE
r-oldrel-macos-x86_64 0.1.2 177.00 NOTE
r-oldrel-windows-ix86+x86_64 0.1.2 761.00 215.00 976.00 OK

Check Details

Version: 0.1.2
Check: installed package size
Result: NOTE
     installed size is 10.9Mb
     sub-directories of 1Mb or more:
     libs 10.6Mb
Flavors: r-release-macos-arm64, r-release-macos-x86_64, r-oldrel-macos-arm64, r-oldrel-macos-x86_64