CRAN Package Check Results for Package C443

Last updated on 2022-01-25 09:48:29 CET.

Flavor Version Tinstall Tcheck Ttotal Status Flags
r-devel-linux-x86_64-debian-clang 3.2.2 12.69 138.53 151.22 OK
r-devel-linux-x86_64-debian-gcc 3.2.2 9.45 114.87 124.32 OK
r-devel-linux-x86_64-fedora-clang 3.2.2 171.06 NOTE
r-devel-linux-x86_64-fedora-gcc 3.2.2 166.52 NOTE
r-devel-windows-x86_64-new-UL 3.2.2 32.00 144.00 176.00 OK
r-devel-windows-x86_64-new-TK 3.2.2 NOTE
r-patched-linux-x86_64 3.2.2 7.88 122.27 130.15 OK
r-release-linux-x86_64 3.2.2 7.43 124.25 131.68 OK
r-release-macos-arm64 3.2.2 NOTE
r-release-macos-x86_64 3.2.2 NOTE
r-release-windows-ix86+x86_64 3.2.2 28.00 144.00 172.00 OK
r-oldrel-macos-x86_64 3.2.2 NOTE
r-oldrel-windows-ix86+x86_64 3.2.2 27.00 144.00 171.00 OK

Check Details

Version: 3.2.2
Check: dependencies in R code
Result: NOTE
    Namespaces in Imports field not imported from:
     ‘qgraph’ ‘reshape2’
     All declared Imports should be used.
Flavors: r-devel-linux-x86_64-fedora-clang, r-devel-linux-x86_64-fedora-gcc, r-devel-windows-x86_64-new-TK, r-release-macos-arm64, r-release-macos-x86_64, r-oldrel-macos-x86_64